Last updated on 2025-11-16 04:48:35 CET.
| Flavor | Version | Tinstall | Tcheck | Ttotal | Status | Flags |
|---|---|---|---|---|---|---|
| r-devel-linux-x86_64-debian-clang | 1.1.4 | 134.61 | 79.14 | 213.75 | OK | |
| r-devel-linux-x86_64-debian-gcc | 1.1.4 | 117.41 | 56.97 | 174.38 | OK | |
| r-devel-linux-x86_64-fedora-clang | 1.1.4 | 201.00 | 174.84 | 375.84 | OK | |
| r-devel-linux-x86_64-fedora-gcc | 1.1.4 | 264.00 | 185.86 | 449.86 | OK | |
| r-devel-windows-x86_64 | 1.1.4 | 205.00 | 125.00 | 330.00 | OK | |
| r-patched-linux-x86_64 | 1.1.4 | 168.09 | 78.43 | 246.52 | OK | |
| r-release-linux-x86_64 | 1.1.4 | 159.17 | 78.84 | 238.01 | OK | |
| r-release-macos-arm64 | 1.1.4 | 60.00 | 46.00 | 106.00 | OK | |
| r-release-macos-x86_64 | 1.1.4 | 44.00 | 91.00 | 135.00 | OK | |
| r-release-windows-x86_64 | 1.1.4 | 174.00 | 129.00 | 303.00 | OK | |
| r-oldrel-macos-arm64 | 1.1.4 | 58.00 | 39.00 | 97.00 | NOTE | |
| r-oldrel-macos-x86_64 | 1.1.4 | 43.00 | 64.00 | 107.00 | NOTE | |
| r-oldrel-windows-x86_64 | 1.1.4 | 221.00 | 160.00 | 381.00 | NOTE |
Version: 1.1.4
Check: installed package size
Result: NOTE
installed size is 29.9Mb
sub-directories of 1Mb or more:
lib 10.6Mb
libs 18.9Mb
Flavors: r-oldrel-macos-arm64, r-oldrel-macos-x86_64, r-oldrel-windows-x86_64