Last updated on 2025-11-16 04:48:35 CET.
| Flavor | Version | Tinstall | Tcheck | Ttotal | Status | Flags |
|---|---|---|---|---|---|---|
| r-devel-linux-x86_64-debian-clang | 1.2-4 | 78.82 | 74.25 | 153.07 | OK | |
| r-devel-linux-x86_64-debian-gcc | 1.2-4 | 55.43 | 57.72 | 113.15 | OK | |
| r-devel-linux-x86_64-fedora-clang | 1.2-4 | 147.00 | 80.07 | 227.07 | OK | |
| r-devel-linux-x86_64-fedora-gcc | 1.2-4 | 170.00 | 68.45 | 238.45 | OK | |
| r-devel-windows-x86_64 | 1.2-4 | 81.00 | 79.00 | 160.00 | OK | |
| r-patched-linux-x86_64 | 1.2-4 | 78.95 | 72.24 | 151.19 | OK | |
| r-release-linux-x86_64 | 1.2-4 | 78.00 | 71.86 | 149.86 | OK | |
| r-release-macos-arm64 | 1.2-4 | 54.00 | 38.00 | 92.00 | OK | |
| r-release-macos-x86_64 | 1.2-4 | 93.00 | 63.00 | 156.00 | OK | |
| r-release-windows-x86_64 | 1.2-4 | 76.00 | 88.00 | 164.00 | OK | |
| r-oldrel-macos-arm64 | 1.2-4 | 59.00 | 44.00 | 103.00 | NOTE | |
| r-oldrel-macos-x86_64 | 1.2-4 | 91.00 | 69.00 | 160.00 | NOTE | |
| r-oldrel-windows-x86_64 | 1.2-4 | 108.00 | 102.00 | 210.00 | NOTE |
Version: 1.2-4
Check: installed package size
Result: NOTE
installed size is 6.7Mb
sub-directories of 1Mb or more:
R 6.6Mb
Flavors: r-oldrel-macos-arm64, r-oldrel-macos-x86_64, r-oldrel-windows-x86_64