CRAN Package Check Results for Package FracKrigingR

Last updated on 2025-11-16 04:48:35 CET.

Flavor Version Tinstall Tcheck Ttotal Status Flags
r-devel-linux-x86_64-debian-clang 1.0.0 1.82 28.61 30.43 OK
r-devel-linux-x86_64-debian-gcc 1.0.0 1.44 21.16 22.60 OK
r-devel-linux-x86_64-fedora-clang 1.0.0 44.88 NOTE
r-devel-linux-x86_64-fedora-gcc 1.0.0 44.60 NOTE
r-devel-windows-x86_64 1.0.0 3.00 45.00 48.00 OK
r-patched-linux-x86_64 1.0.0 1.88 26.46 28.34 OK
r-release-linux-x86_64 1.0.0 1.70 26.39 28.09 OK
r-release-macos-arm64 1.0.0 1.00 19.00 20.00 OK
r-release-macos-x86_64 1.0.0 2.00 33.00 35.00 OK
r-release-windows-x86_64 1.0.0 3.00 53.00 56.00 OK
r-oldrel-macos-arm64 1.0.0 1.00 16.00 17.00 OK
r-oldrel-macos-x86_64 1.0.0 2.00 23.00 25.00 OK
r-oldrel-windows-x86_64 1.0.0 4.00 53.00 57.00 OK

Check Details

Version: 1.0.0
Check: dependencies in R code
Result: NOTE Namespace in Imports field not imported from: ‘psych’ All declared Imports should be used. Flavors: r-devel-linux-x86_64-fedora-clang, r-devel-linux-x86_64-fedora-gcc