Last updated on 2024-08-25 05:49:22 CEST.
Flavor | Version | Tinstall | Tcheck | Ttotal | Status | Flags |
---|---|---|---|---|---|---|
r-devel-linux-x86_64-debian-clang | 0.3.3 | 6.78 | 62.73 | 69.51 | NOTE | |
r-devel-linux-x86_64-debian-gcc | 0.3.3 | 4.53 | 44.08 | 48.61 | NOTE | |
r-devel-linux-x86_64-fedora-clang | 0.3.3 | 114.57 | NOTE | |||
r-devel-linux-x86_64-fedora-gcc | 0.3.3 | 125.43 | NOTE | |||
r-devel-windows-x86_64 | 0.3.3 | 7.00 | 75.00 | 82.00 | NOTE | |
r-patched-linux-x86_64 | 0.3.3 | 6.46 | 59.60 | 66.06 | NOTE | |
r-release-linux-x86_64 | 0.3.3 | 5.05 | 59.86 | 64.91 | NOTE | |
r-release-macos-arm64 | 0.3.3 | 36.00 | NOTE | |||
r-release-macos-x86_64 | 0.3.3 | 55.00 | NOTE | |||
r-release-windows-x86_64 | 0.3.3 | 9.00 | 77.00 | 86.00 | NOTE | |
r-oldrel-macos-arm64 | 0.3.3 | 45.00 | NOTE | |||
r-oldrel-macos-x86_64 | 0.3.3 | 53.00 | NOTE | |||
r-oldrel-windows-x86_64 | 0.3.3 | 10.00 | 86.00 | 96.00 | NOTE |
Version: 0.3.3
Check: package dependencies
Result: NOTE
Package suggested but not available for checking: ‘RGtk2’
Flavors: r-devel-linux-x86_64-debian-clang, r-devel-linux-x86_64-debian-gcc, r-devel-linux-x86_64-fedora-clang, r-devel-linux-x86_64-fedora-gcc, r-devel-windows-x86_64, r-patched-linux-x86_64, r-release-linux-x86_64, r-release-macos-arm64, r-release-macos-x86_64, r-release-windows-x86_64, r-oldrel-macos-arm64, r-oldrel-macos-x86_64, r-oldrel-windows-x86_64
Version: 0.3.3
Check: Rd files
Result: NOTE
checkRd: (-1) QANOVA.Rd:62: Lost braces in \itemize; meant \describe ?
checkRd: (-1) QANOVA.Rd:63: Lost braces in \itemize; meant \describe ?
checkRd: (-1) QANOVA.Rd:64-66: Lost braces in \itemize; meant \describe ?
checkRd: (-1) QANOVA.Rd:67: Lost braces in \itemize; meant \describe ?
Flavors: r-devel-linux-x86_64-debian-clang, r-devel-linux-x86_64-debian-gcc, r-devel-linux-x86_64-fedora-clang, r-devel-linux-x86_64-fedora-gcc, r-devel-windows-x86_64, r-patched-linux-x86_64, r-release-linux-x86_64, r-release-macos-arm64, r-release-macos-x86_64, r-release-windows-x86_64