Last updated on 2025-02-22 04:51:13 CET.
Flavor | Version | Tinstall | Tcheck | Ttotal | Status | Flags |
---|---|---|---|---|---|---|
r-devel-linux-x86_64-debian-clang | 0.1 | 29.70 | 21.21 | 50.91 | OK | |
r-devel-linux-x86_64-debian-gcc | 0.1 | 23.58 | 18.00 | 41.58 | OK | |
r-devel-linux-x86_64-fedora-clang | 0.1 | 102.94 | OK | |||
r-devel-linux-x86_64-fedora-gcc | 0.1 | 93.38 | OK | |||
r-devel-macos-arm64 | 0.1 | 29.00 | OK | |||
r-devel-macos-x86_64 | 0.1 | 38.00 | OK | |||
r-devel-windows-x86_64 | 0.1 | 34.00 | 61.00 | 95.00 | OK | |
r-patched-linux-x86_64 | 0.1 | 28.32 | 21.26 | 49.58 | OK | |
r-release-linux-x86_64 | 0.1 | 32.64 | 21.11 | 53.75 | OK | |
r-release-macos-arm64 | 0.1 | 29.00 | NOTE | |||
r-release-macos-x86_64 | 0.1 | 33.00 | NOTE | |||
r-release-windows-x86_64 | 0.1 | 35.00 | 61.00 | 96.00 | OK | |
r-oldrel-macos-arm64 | 0.1 | 35.00 | NOTE | |||
r-oldrel-macos-x86_64 | 0.1 | 52.00 | NOTE | |||
r-oldrel-windows-x86_64 | 0.1 | 42.00 | 71.00 | 113.00 | OK |
Version: 0.1
Check: installed package size
Result: NOTE
installed size is 7.4Mb
sub-directories of 1Mb or more:
libs 7.3Mb
Flavors: r-release-macos-arm64, r-release-macos-x86_64, r-oldrel-macos-arm64, r-oldrel-macos-x86_64