Last updated on 2025-10-25 05:50:03 CEST.
| Flavor | Version | Tinstall | Tcheck | Ttotal | Status | Flags |
|---|---|---|---|---|---|---|
| r-devel-linux-x86_64-debian-clang | 1.4.5 | 24.47 | 241.84 | 266.31 | NOTE | |
| r-devel-linux-x86_64-debian-gcc | 1.4.5 | 16.26 | 144.34 | 160.60 | NOTE | |
| r-devel-linux-x86_64-fedora-clang | 1.4.5 | 56.00 | 355.60 | 411.60 | NOTE | |
| r-devel-linux-x86_64-fedora-gcc | 1.4.5 | 58.00 | 352.91 | 410.91 | NOTE | |
| r-devel-windows-x86_64 | 1.4.5 | 23.00 | 195.00 | 218.00 | NOTE | |
| r-patched-linux-x86_64 | 1.4.5 | 24.51 | 224.57 | 249.08 | NOTE | |
| r-release-linux-x86_64 | 1.4.5 | 25.69 | 224.64 | 250.33 | NOTE | |
| r-release-macos-arm64 | 1.4.5 | 9.00 | 78.00 | 87.00 | NOTE | |
| r-release-macos-x86_64 | 1.4.5 | 22.00 | 230.00 | 252.00 | NOTE | |
| r-release-windows-x86_64 | 1.4.5 | 25.00 | 195.00 | 220.00 | NOTE | |
| r-oldrel-macos-arm64 | 1.4.5 | 9.00 | 99.00 | 108.00 | OK | |
| r-oldrel-macos-x86_64 | 1.4.5 | 18.00 | 170.00 | 188.00 | OK | |
| r-oldrel-windows-x86_64 | 1.4.5 | 35.00 | 264.00 | 299.00 | OK |
Version: 1.4.5
Check: DESCRIPTION meta-information
Result: NOTE
Missing dependency on R >= 4.1.0 because package code uses the pipe
|> or function shorthand \(...) syntax added in R 4.1.0.
File(s) using such syntax:
‘annual.R’ ‘anomaly.R’ ‘coverage.R’ ‘daily.R’ ‘flags.R’
‘get-country-shapefile.R’ ‘monthly.R’ ‘quarterly.R’ ‘s3_classes.R’
‘stations.R’ ‘utils.R’
Flavors: r-devel-linux-x86_64-debian-clang, r-devel-linux-x86_64-debian-gcc, r-devel-linux-x86_64-fedora-clang, r-devel-linux-x86_64-fedora-gcc, r-devel-windows-x86_64, r-patched-linux-x86_64, r-release-linux-x86_64, r-release-macos-arm64, r-release-macos-x86_64, r-release-windows-x86_64