Last updated on 2025-10-25 05:50:03 CEST.
| Flavor | Version | Tinstall | Tcheck | Ttotal | Status | Flags |
|---|---|---|---|---|---|---|
| r-devel-linux-x86_64-debian-clang | 0.8 | 2.29 | 21.16 | 23.45 | NOTE | |
| r-devel-linux-x86_64-debian-gcc | 0.8 | 1.87 | 18.08 | 19.95 | NOTE | |
| r-devel-linux-x86_64-fedora-clang | 0.8 | 33.84 | OK | |||
| r-devel-linux-x86_64-fedora-gcc | 0.8 | 31.96 | OK | |||
| r-devel-windows-x86_64 | 0.8 | 7.00 | 43.00 | 50.00 | OK | |
| r-patched-linux-x86_64 | 0.8 | 2.02 | 20.39 | 22.41 | OK | |
| r-release-linux-x86_64 | 0.8 | 2.16 | 20.27 | 22.43 | OK | |
| r-release-macos-arm64 | 0.8 | 2.00 | 17.00 | 19.00 | OK | |
| r-release-macos-x86_64 | 0.8 | 6.00 | 38.00 | 44.00 | OK | |
| r-release-windows-x86_64 | 0.8 | 6.00 | 45.00 | 51.00 | OK | |
| r-oldrel-macos-arm64 | 0.8 | 2.00 | 18.00 | 20.00 | OK | |
| r-oldrel-macos-x86_64 | 0.8 | 3.00 | 24.00 | 27.00 | OK | |
| r-oldrel-windows-x86_64 | 0.8 | 5.00 | 45.00 | 50.00 | OK |
Version: 0.8
Check: CRAN incoming feasibility
Result: NOTE
Maintainer: ‘Josef Leydold <josef.leydold@wu.ac.at>’
No Authors@R field in DESCRIPTION.
Please add one, modifying
Authors@R: c(person(given = "Josef",
family = "Leydold",
role = c("aut", "cre"),
email = "josef.leydold@wu.ac.at"),
person(given = "Wolfgang",
family = "Hormann",
role = "aut"))
as necessary.
Flavors: r-devel-linux-x86_64-debian-clang, r-devel-linux-x86_64-debian-gcc