Last updated on 2024-08-25 05:49:22 CEST.
Flavor | Version | Tinstall | Tcheck | Ttotal | Status | Flags |
---|---|---|---|---|---|---|
r-devel-linux-x86_64-debian-clang | 0.8 | 2.38 | 19.09 | 21.47 | OK | |
r-devel-linux-x86_64-debian-gcc | 0.8 | 1.84 | 15.32 | 17.16 | OK | |
r-devel-linux-x86_64-fedora-clang | 0.8 | 34.70 | NOTE | |||
r-devel-linux-x86_64-fedora-gcc | 0.8 | 34.31 | OK | |||
r-devel-windows-x86_64 | 0.8 | 6.00 | 46.00 | 52.00 | OK | |
r-patched-linux-x86_64 | 0.8 | 2.22 | 18.52 | 20.74 | OK | |
r-release-linux-x86_64 | 0.8 | 2.02 | 18.40 | 20.42 | OK | |
r-release-macos-arm64 | 0.8 | 15.00 | OK | |||
r-release-macos-x86_64 | 0.8 | 27.00 | OK | |||
r-release-windows-x86_64 | 0.8 | 5.00 | 45.00 | 50.00 | OK | |
r-oldrel-macos-arm64 | 0.8 | 17.00 | OK | |||
r-oldrel-macos-x86_64 | 0.8 | 23.00 | OK | |||
r-oldrel-windows-x86_64 | 0.8 | 8.00 | 44.00 | 52.00 | OK |
Version: 0.8
Check: Rd cross-references
Result: NOTE
Undeclared package ‘Runuran’ in Rd xrefs
Flavor: r-devel-linux-x86_64-fedora-clang