Last updated on 2025-10-25 05:50:03 CEST.
| Flavor | Version | Tinstall | Tcheck | Ttotal | Status | Flags |
|---|---|---|---|---|---|---|
| r-devel-linux-x86_64-debian-clang | 0.1.0 | 3.45 | 58.34 | 61.79 | NOTE | |
| r-devel-linux-x86_64-debian-gcc | 0.1.0 | 2.92 | 40.48 | 43.40 | NOTE | |
| r-devel-linux-x86_64-fedora-clang | 0.1.0 | 83.73 | OK | |||
| r-devel-linux-x86_64-fedora-gcc | 0.1.0 | 89.58 | OK | |||
| r-devel-windows-x86_64 | 0.1.0 | 5.00 | 69.00 | 74.00 | OK | |
| r-patched-linux-x86_64 | 0.1.0 | 3.99 | 54.54 | 58.53 | OK | |
| r-release-linux-x86_64 | 0.1.0 | 3.71 | 54.86 | 58.57 | OK | |
| r-release-macos-arm64 | 0.1.0 | 3.00 | 33.00 | 36.00 | OK | |
| r-release-macos-x86_64 | 0.1.0 | 6.00 | 49.00 | 55.00 | OK | |
| r-release-windows-x86_64 | 0.1.0 | 6.00 | 67.00 | 73.00 | OK | |
| r-oldrel-macos-arm64 | 0.1.0 | 2.00 | 26.00 | 28.00 | NOTE | |
| r-oldrel-macos-x86_64 | 0.1.0 | 3.00 | 39.00 | 42.00 | NOTE | |
| r-oldrel-windows-x86_64 | 0.1.0 | 7.00 | 88.00 | 95.00 | NOTE |
Version: 0.1.0
Check: CRAN incoming feasibility
Result: NOTE
Maintainer: ‘Yaofang Hu <yaofang.hu@u.nus.edu>’
The Description field contains
<arXiv:2006.03284>.
Please refer to arXiv e-prints via their arXiv DOI <doi:10.48550/arXiv.YYMM.NNNNN>.
Flavors: r-devel-linux-x86_64-debian-clang, r-devel-linux-x86_64-debian-gcc
Version: 0.1.0
Check: LazyData
Result: NOTE
'LazyData' is specified without a 'data' directory
Flavors: r-oldrel-macos-arm64, r-oldrel-macos-x86_64, r-oldrel-windows-x86_64