Last updated on 2025-10-25 05:50:03 CEST.
| Flavor | Version | Tinstall | Tcheck | Ttotal | Status | Flags |
|---|---|---|---|---|---|---|
| r-devel-linux-x86_64-debian-clang | 1.2.8 | 151.83 | 347.59 | 499.42 | OK | |
| r-devel-linux-x86_64-debian-gcc | 1.2.8 | 96.67 | 237.58 | 334.25 | OK | |
| r-devel-linux-x86_64-fedora-clang | 1.2.8 | 900.00 | -31.40 | 868.60 | OK | |
| r-devel-linux-x86_64-fedora-gcc | 1.2.8 | 780.00 | 118.61 | 898.61 | OK | |
| r-devel-windows-x86_64 | 1.2.8 | 175.00 | 339.00 | 514.00 | OK | |
| r-patched-linux-x86_64 | 1.2.8 | 137.57 | 332.96 | 470.53 | OK | |
| r-release-linux-x86_64 | 1.2.8 | 139.37 | 332.55 | 471.92 | OK | |
| r-release-macos-arm64 | 1.2.8 | 77.00 | 81.00 | 158.00 | OK | |
| r-release-macos-x86_64 | 1.2.8 | 162.00 | 159.00 | 321.00 | OK | |
| r-release-windows-x86_64 | 1.2.8 | 174.00 | 335.00 | 509.00 | OK | |
| r-oldrel-macos-arm64 | 1.2.8 | 91.00 | 144.00 | 235.00 | NOTE | |
| r-oldrel-macos-x86_64 | 1.2.8 | 244.00 | 339.00 | 583.00 | NOTE | |
| r-oldrel-windows-x86_64 | 1.2.8 | 243.00 | 432.00 | 675.00 | NOTE |
Version: 1.2.8
Check: installed package size
Result: NOTE
installed size is 7.6Mb
sub-directories of 1Mb or more:
R 7.0Mb
Flavors: r-oldrel-macos-arm64, r-oldrel-macos-x86_64, r-oldrel-windows-x86_64