Last updated on 2024-08-25 05:49:22 CEST.
Flavor | Version | Tinstall | Tcheck | Ttotal | Status | Flags |
---|---|---|---|---|---|---|
r-devel-linux-x86_64-debian-clang | 2023.11-1 | 1.87 | 29.53 | 31.40 | NOTE | |
r-devel-linux-x86_64-debian-gcc | 2023.11-1 | 1.50 | 22.43 | 23.93 | NOTE | |
r-devel-linux-x86_64-fedora-clang | 2023.11-1 | 51.79 | OK | |||
r-devel-linux-x86_64-fedora-gcc | 2023.11-1 | 173.96 | OK | |||
r-devel-windows-x86_64 | 2023.11-1 | 3.00 | 63.00 | 66.00 | NOTE | |
r-patched-linux-x86_64 | 2023.11-1 | 3.03 | 28.38 | 31.41 | OK | |
r-release-linux-x86_64 | 2023.11-1 | 1.90 | 28.19 | 30.09 | OK | |
r-release-macos-arm64 | 2023.11-1 | 46.00 | OK | |||
r-release-macos-x86_64 | 2023.11-1 | 112.00 | OK | |||
r-release-windows-x86_64 | 2023.11-1 | 3.00 | 61.00 | 64.00 | OK | |
r-oldrel-macos-arm64 | 2023.11-1 | 55.00 | OK | |||
r-oldrel-macos-x86_64 | 2023.11-1 | 206.00 | OK | |||
r-oldrel-windows-x86_64 | 2023.11-1 | 3.00 | 61.00 | 64.00 | OK |
Version: 2023.11-1
Check: Rd cross-references
Result: NOTE
Found the following Rd file(s) with Rd \link{} targets missing package
anchors:
00.GPArotateDF.Rd: NormalizingWeight
Please provide package anchors for all Rd \link{} targets not in the
package itself and the base packages.
Flavors: r-devel-linux-x86_64-debian-clang, r-devel-linux-x86_64-debian-gcc, r-devel-windows-x86_64