Last updated on 2025-02-21 04:51:48 CET.
Flavor | Version | Tinstall | Tcheck | Ttotal | Status | Flags |
---|---|---|---|---|---|---|
r-devel-linux-x86_64-debian-clang | 1.0.2 | 16.18 | 92.87 | 109.05 | NOTE | |
r-devel-linux-x86_64-debian-gcc | 1.0.2 | 9.91 | 66.99 | 76.90 | NOTE | |
r-devel-linux-x86_64-fedora-clang | 1.0.2 | 192.16 | OK | |||
r-devel-linux-x86_64-fedora-gcc | 1.0.2 | 181.12 | OK | |||
r-devel-macos-arm64 | 1.0.2 | 57.00 | OK | |||
r-devel-macos-x86_64 | 1.0.2 | 119.00 | OK | |||
r-devel-windows-x86_64 | 1.0.2 | 17.00 | 130.00 | 147.00 | NOTE | |
r-patched-linux-x86_64 | 1.0.2 | 16.84 | 89.86 | 106.70 | OK | |
r-release-linux-x86_64 | 1.0.2 | 14.46 | 89.11 | 103.57 | OK | |
r-release-macos-arm64 | 1.0.2 | 54.00 | OK | |||
r-release-macos-x86_64 | 1.0.2 | 87.00 | OK | |||
r-release-windows-x86_64 | 1.0.2 | 19.00 | 112.00 | 131.00 | OK | |
r-oldrel-macos-arm64 | 1.0.2 | 60.00 | OK | |||
r-oldrel-macos-x86_64 | 1.0.2 | 157.00 | OK | |||
r-oldrel-windows-x86_64 | 1.0.2 | 22.00 | 132.00 | 154.00 | OK |
Version: 1.0.2
Check: Rd cross-references
Result: NOTE
Found the following Rd file(s) with Rd \link{} targets missing package
anchors:
LR_GradientConjugate_gpumatrix.Rd: Matrix-class
gpu.matrix-class.Rd: Matrix-class
gpu.matrix.Rd: Matrix-class
matrix-product.Rd: %&%
Please provide package anchors for all Rd \link{} targets not in the
package itself and the base packages.
Flavors: r-devel-linux-x86_64-debian-clang, r-devel-linux-x86_64-debian-gcc, r-devel-windows-x86_64