Last updated on 2024-08-25 05:49:22 CEST.
Flavor | Version | Tinstall | Tcheck | Ttotal | Status | Flags |
---|---|---|---|---|---|---|
r-devel-linux-x86_64-debian-clang | 4.2-1 | 64.04 | 65.36 | 129.40 | OK | |
r-devel-linux-x86_64-debian-gcc | 4.2-1 | 46.46 | 47.14 | 93.60 | OK | |
r-devel-linux-x86_64-fedora-clang | 4.2-1 | 241.31 | OK | |||
r-devel-linux-x86_64-fedora-gcc | 4.2-1 | 242.59 | OK | |||
r-devel-windows-x86_64 | 4.2-1 | 72.00 | 101.00 | 173.00 | OK | |
r-patched-linux-x86_64 | 4.2-1 | 62.94 | 60.91 | 123.85 | OK | |
r-release-linux-x86_64 | 4.2-1 | 62.68 | 61.47 | 124.15 | OK | |
r-release-macos-arm64 | 4.2-1 | 57.00 | OK | |||
r-release-macos-x86_64 | 4.2-1 | 88.00 | NOTE | |||
r-release-windows-x86_64 | 4.2-1 | 71.00 | 98.00 | 169.00 | OK | |
r-oldrel-macos-arm64 | 4.2-1 | 68.00 | NOTE | |||
r-oldrel-macos-x86_64 | 4.2-1 | 112.00 | NOTE | |||
r-oldrel-windows-x86_64 | 4.2-1 | 84.00 | 121.00 | 205.00 | OK |
Version: 4.2-1
Check: installed package size
Result: NOTE
installed size is 5.2Mb
sub-directories of 1Mb or more:
libs 4.6Mb
Flavors: r-release-macos-x86_64, r-oldrel-macos-arm64, r-oldrel-macos-x86_64