Last updated on 2025-11-16 04:48:37 CET.
| Flavor | Version | Tinstall | Tcheck | Ttotal | Status | Flags |
|---|---|---|---|---|---|---|
| r-devel-linux-x86_64-debian-clang | 1.1.3 | 8.66 | 140.35 | 149.01 | OK | |
| r-devel-linux-x86_64-debian-gcc | 1.1.3 | 6.89 | 100.42 | 107.31 | NOTE | |
| r-devel-linux-x86_64-fedora-clang | 1.1.3 | 24.00 | 190.76 | 214.76 | OK | |
| r-devel-linux-x86_64-fedora-gcc | 1.1.3 | 25.00 | 194.85 | 219.85 | OK | |
| r-devel-windows-x86_64 | 1.1.3 | 12.00 | 116.00 | 128.00 | OK | |
| r-patched-linux-x86_64 | 1.1.3 | 10.72 | 132.73 | 143.45 | OK | |
| r-release-linux-x86_64 | 1.1.3 | 8.44 | 133.94 | 142.38 | OK | |
| r-release-macos-arm64 | 1.1.3 | 4.00 | 48.00 | 52.00 | OK | |
| r-release-macos-x86_64 | 1.1.3 | 8.00 | 89.00 | 97.00 | OK | |
| r-release-windows-x86_64 | 1.1.3 | 11.00 | 116.00 | 127.00 | OK | |
| r-oldrel-macos-arm64 | 1.1.3 | 4.00 | 52.00 | 56.00 | OK | |
| r-oldrel-macos-x86_64 | 1.1.3 | 9.00 | 96.00 | 105.00 | OK | |
| r-oldrel-windows-x86_64 | 1.1.3 | 15.00 | 155.00 | 170.00 | OK |
Version: 1.1.3
Check: CRAN incoming feasibility
Result: NOTE
Maintainer: ‘Pattawee Puangchit <ppuangch@purdue.edu>’
The BugReports field in DESCRIPTION has
https://github.com/bodysbobb/GTAPViz/issues/
which should likely be
https://github.com/bodysbobb/GTAPViz/issues/issues
instead.
Flavor: r-devel-linux-x86_64-debian-gcc