Last updated on 2025-02-22 04:51:12 CET.
Flavor | Version | Tinstall | Tcheck | Ttotal | Status | Flags |
---|---|---|---|---|---|---|
r-devel-linux-x86_64-debian-clang | 1.2.16 | 2.24 | 24.50 | 26.74 | NOTE | |
r-devel-linux-x86_64-debian-gcc | 1.2.16 | 1.77 | 19.42 | 21.19 | NOTE | |
r-devel-linux-x86_64-fedora-clang | 1.2.16 | 41.76 | OK | |||
r-devel-linux-x86_64-fedora-gcc | 1.2.16 | 39.46 | OK | |||
r-devel-macos-arm64 | 1.2.16 | 21.00 | OK | |||
r-devel-macos-x86_64 | 1.2.16 | 42.00 | OK | |||
r-devel-windows-x86_64 | 1.2.16 | 4.00 | 52.00 | 56.00 | NOTE | |
r-patched-linux-x86_64 | 1.2.16 | 3.87 | 23.16 | 27.03 | OK | |
r-release-linux-x86_64 | 1.2.16 | 1.65 | 23.11 | 24.76 | OK | |
r-release-macos-arm64 | 1.2.16 | 19.00 | OK | |||
r-release-macos-x86_64 | 1.2.16 | 34.00 | OK | |||
r-release-windows-x86_64 | 1.2.16 | 4.00 | 52.00 | 56.00 | OK | |
r-oldrel-macos-arm64 | 1.2.16 | 18.00 | OK | |||
r-oldrel-macos-x86_64 | 1.2.16 | 25.00 | OK | |||
r-oldrel-windows-x86_64 | 1.2.16 | 4.00 | 55.00 | 59.00 | OK |
Version: 1.2.16
Check: Rd cross-references
Result: NOTE
Found the following Rd file(s) with Rd \link{} targets missing package
anchors:
ggm.estimate.pcor.Rd: dyn.pcor, pcor.shrink
Please provide package anchors for all Rd \link{} targets not in the
package itself and the base packages.
Flavors: r-devel-linux-x86_64-debian-clang, r-devel-linux-x86_64-debian-gcc, r-devel-windows-x86_64