CRAN Package Check Results for Package GenericML

Last updated on 2025-11-16 04:48:36 CET.

Flavor Version Tinstall Tcheck Ttotal Status Flags
r-devel-linux-x86_64-debian-clang 0.2.2 8.59 115.50 124.09 NOTE
r-devel-linux-x86_64-debian-gcc 0.2.2 6.06 81.63 87.69 NOTE
r-devel-linux-x86_64-fedora-clang 0.2.2 60.00 144.29 204.29 OK
r-devel-linux-x86_64-fedora-gcc 0.2.2 19.00 152.90 171.90 OK
r-devel-windows-x86_64 0.2.2 13.00 116.00 129.00 OK
r-patched-linux-x86_64 0.2.2 9.67 105.68 115.35 OK
r-release-linux-x86_64 0.2.2 9.31 105.61 114.92 OK
r-release-macos-arm64 0.2.2 5.00 43.00 48.00 OK
r-release-macos-x86_64 0.2.2 6.00 75.00 81.00 OK
r-release-windows-x86_64 0.2.2 12.00 118.00 130.00 OK
r-oldrel-macos-arm64 0.2.2 3.00 41.00 44.00 OK
r-oldrel-macos-x86_64 0.2.2 6.00 59.00 65.00 OK
r-oldrel-windows-x86_64 0.2.2 16.00 155.00 171.00 OK

Check Details

Version: 0.2.2
Check: CRAN incoming feasibility
Result: NOTE Maintainer: ‘Max Welz <welz@ese.eur.nl>’ Package CITATION file contains call(s) to old-style citEntry(). Please use bibentry() instead. The Description field contains and Fernández-Val (2020) <arXiv:1712.04802>. This package's workhorse <arXiv:1712.04802> for a suite of user-specified machine learners. All Please refer to arXiv e-prints via their arXiv DOI <doi:10.48550/arXiv.YYMM.NNNNN>. Flavor: r-devel-linux-x86_64-debian-clang

Version: 0.2.2
Check: CRAN incoming feasibility
Result: NOTE Maintainer: ‘Max Welz <welz@ese.eur.nl>’ Package CITATION file contains call(s) to old-style citEntry(). Please use bibentry() instead. The Description field contains and Fernández-Val (2020) <arXiv:1712.04802>. This package's workhorse <arXiv:1712.04802> for a suite of user-specified machine learners. All Please refer to arXiv e-prints via their arXiv DOI <doi:10.48550/arXiv.YYMM.NNNNN>. The BugReports field in DESCRIPTION has https://github.com/mwelz/GenericML/issues/ which should likely be https://github.com/mwelz/GenericML/issues/issues instead. Flavor: r-devel-linux-x86_64-debian-gcc