Last updated on 2024-08-25 05:49:22 CEST.
Flavor | Version | Tinstall | Tcheck | Ttotal | Status | Flags |
---|---|---|---|---|---|---|
r-devel-linux-x86_64-debian-clang | 0.1.5.9 | 8.41 | 82.02 | 90.43 | OK | |
r-devel-linux-x86_64-debian-gcc | 0.1.5.9 | 6.45 | 57.81 | 64.26 | OK | |
r-devel-linux-x86_64-fedora-clang | 0.1.5.9 | 153.97 | OK | |||
r-devel-linux-x86_64-fedora-gcc | 0.1.5.9 | 157.44 | OK | |||
r-devel-windows-x86_64 | 0.1.5.9 | 10.00 | 98.00 | 108.00 | OK | |
r-patched-linux-x86_64 | 0.1.5.9 | 9.23 | 76.38 | 85.61 | OK | |
r-release-linux-x86_64 | 0.1.5.9 | 9.14 | 77.18 | 86.32 | OK | |
r-release-macos-arm64 | 0.1.5.9 | 45.00 | OK | |||
r-release-macos-x86_64 | 0.1.5.9 | 105.00 | OK | |||
r-release-windows-x86_64 | 0.1.5.9 | 11.00 | 99.00 | 110.00 | OK | |
r-oldrel-macos-arm64 | 0.1.5.9 | 6.00 | ERROR | |||
r-oldrel-macos-x86_64 | 0.1.5.9 | 48.00 | OK | |||
r-oldrel-windows-x86_64 | 0.1.5.9 | 11.00 | 118.00 | 129.00 | OK |
Version: 0.1.5.9
Check: package dependencies
Result: ERROR
Package required but not available: ‘snpStats’
See section ‘The DESCRIPTION file’ in the ‘Writing R Extensions’
manual.
Flavor: r-oldrel-macos-arm64