Last updated on 2025-11-16 04:48:36 CET.
| Flavor | Version | Tinstall | Tcheck | Ttotal | Status | Flags |
|---|---|---|---|---|---|---|
| r-devel-linux-x86_64-debian-clang | 0.6.3 | 2.07 | 27.76 | 29.83 | OK | |
| r-devel-linux-x86_64-debian-gcc | 0.6.3 | 1.70 | 22.74 | 24.44 | NOTE | |
| r-devel-linux-x86_64-fedora-clang | 0.6.3 | 44.63 | OK | |||
| r-devel-linux-x86_64-fedora-gcc | 0.6.3 | 55.02 | OK | |||
| r-devel-windows-x86_64 | 0.6.3 | 9.00 | 54.00 | 63.00 | OK | |
| r-patched-linux-x86_64 | 0.6.3 | 2.28 | 25.82 | 28.10 | OK | |
| r-release-linux-x86_64 | 0.6.3 | 2.43 | 26.08 | 28.51 | OK | |
| r-release-macos-arm64 | 0.6.3 | 1.00 | 24.00 | 25.00 | OK | |
| r-release-macos-x86_64 | 0.6.3 | 2.00 | 39.00 | 41.00 | OK | |
| r-release-windows-x86_64 | 0.6.3 | 5.00 | 44.00 | 49.00 | OK | |
| r-oldrel-macos-arm64 | 0.6.3 | 1.00 | 22.00 | 23.00 | OK | |
| r-oldrel-macos-x86_64 | 0.6.3 | 2.00 | 32.00 | 34.00 | OK | |
| r-oldrel-windows-x86_64 | 0.6.3 | 5.00 | 52.00 | 57.00 | OK |
Version: 0.6.3
Check: CRAN incoming feasibility
Result: NOTE
Maintainer: ‘Marcelo Perlin <marceloperlin@gmail.com>’
The BugReports field in DESCRIPTION has
https://github.com/msperlin/GetDFPData2/issues/
which should likely be
https://github.com/msperlin/GetDFPData2/issues/issues
instead.
Flavor: r-devel-linux-x86_64-debian-gcc