Last updated on 2025-02-22 04:51:13 CET.
Flavor | Version | Tinstall | Tcheck | Ttotal | Status | Flags |
---|---|---|---|---|---|---|
r-devel-linux-x86_64-debian-clang | 1.2 | 66.95 | 21.28 | 88.23 | NOTE | |
r-devel-linux-x86_64-debian-gcc | 1.2 | 44.25 | 17.50 | 61.75 | NOTE | |
r-devel-linux-x86_64-fedora-clang | 1.2 | 182.39 | NOTE | |||
r-devel-linux-x86_64-fedora-gcc | 1.2 | 155.65 | NOTE | |||
r-devel-macos-arm64 | 1.2 | 38.00 | NOTE | |||
r-devel-macos-x86_64 | 1.2 | 50.00 | NOTE | |||
r-devel-windows-x86_64 | 1.2 | 66.00 | 62.00 | 128.00 | NOTE | |
r-patched-linux-x86_64 | 1.2 | 61.08 | 20.43 | 81.51 | NOTE | |
r-release-linux-x86_64 | 1.2 | 58.31 | 20.31 | 78.62 | NOTE | |
r-release-macos-arm64 | 1.2 | 39.00 | NOTE | |||
r-release-macos-x86_64 | 1.2 | 43.00 | NOTE | |||
r-release-windows-x86_64 | 1.2 | 71.00 | 61.00 | 132.00 | NOTE | |
r-oldrel-macos-arm64 | 1.2 | 49.00 | OK | |||
r-oldrel-macos-x86_64 | 1.2 | 78.00 | OK | |||
r-oldrel-windows-x86_64 | 1.2 | 85.00 | 71.00 | 156.00 | OK |
Version: 1.2
Check: Rd files
Result: NOTE
checkRd: (-1) MinimiseEPL.Rd:17: Lost braces in \itemize; meant \describe ?
checkRd: (-1) MinimiseEPL.Rd:18: Lost braces in \itemize; meant \describe ?
checkRd: (-1) MinimiseEPL.Rd:19: Lost braces in \itemize; meant \describe ?
checkRd: (-1) MinimiseEPL.Rd:20: Lost braces in \itemize; meant \describe ?
Flavors: r-devel-linux-x86_64-debian-clang, r-devel-linux-x86_64-debian-gcc, r-devel-linux-x86_64-fedora-clang, r-devel-linux-x86_64-fedora-gcc, r-devel-macos-arm64, r-devel-macos-x86_64, r-devel-windows-x86_64, r-patched-linux-x86_64, r-release-linux-x86_64, r-release-macos-arm64, r-release-macos-x86_64, r-release-windows-x86_64