CRAN Package Check Results for Package HDANOVA

Last updated on 2025-11-16 04:48:38 CET.

Flavor Version Tinstall Tcheck Ttotal Status Flags
r-devel-linux-x86_64-debian-clang 0.8.4 12.03 114.21 126.24 OK
r-devel-linux-x86_64-debian-gcc 0.8.4 7.68 84.60 92.28 NOTE
r-devel-linux-x86_64-fedora-clang 0.8.4 29.00 167.40 196.40 OK
r-devel-linux-x86_64-fedora-gcc 0.8.4 25.00 235.79 260.79 OK
r-devel-windows-x86_64 0.8.4 17.00 121.00 138.00 OK
r-patched-linux-x86_64 0.8.4 11.80 110.41 122.21 OK
r-release-linux-x86_64 0.8.4 11.38 110.18 121.56 OK
r-release-macos-arm64 0.8.4 5.00 81.00 86.00 OK
r-release-macos-x86_64 0.8.4 13.00 121.00 134.00 OK
r-release-windows-x86_64 0.8.4 14.00 123.00 137.00 OK
r-oldrel-macos-arm64 0.8.4 6.00 84.00 90.00 OK
r-oldrel-macos-x86_64 0.8.4 12.00 119.00 131.00 OK
r-oldrel-windows-x86_64 0.8.4 19.00 157.00 176.00 OK

Check Details

Version: 0.8.4
Check: CRAN incoming feasibility
Result: NOTE Maintainer: ‘Kristian Hovde Liland <kristian.liland@nmbu.no>’ The BugReports field in DESCRIPTION has https://github.com/khliland/HDANOVA/issues/ which should likely be https://github.com/khliland/HDANOVA/issues/issues instead. Flavor: r-devel-linux-x86_64-debian-gcc