Last updated on 2025-11-16 04:48:38 CET.
| Flavor | Version | Tinstall | Tcheck | Ttotal | Status | Flags |
|---|---|---|---|---|---|---|
| r-devel-linux-x86_64-debian-clang | 1.0.5-1 | 115.05 | 95.68 | 210.73 | OK | |
| r-devel-linux-x86_64-debian-gcc | 1.0.5-1 | 95.73 | 80.01 | 175.74 | OK | |
| r-devel-linux-x86_64-fedora-clang | 1.0.5-1 | 176.00 | 172.37 | 348.37 | OK | |
| r-devel-linux-x86_64-fedora-gcc | 1.0.5-1 | 237.00 | 127.42 | 364.42 | OK | |
| r-devel-windows-x86_64 | 1.0.5-1 | 134.00 | 124.00 | 258.00 | OK | |
| r-patched-linux-x86_64 | 1.0.5-1 | 124.18 | 103.36 | 227.54 | OK | |
| r-release-linux-x86_64 | 1.0.5-1 | 122.83 | 103.55 | 226.38 | OK | |
| r-release-macos-arm64 | 1.0.5-1 | 55.00 | 39.00 | 94.00 | OK | |
| r-release-macos-x86_64 | 1.0.5-1 | 46.00 | 64.00 | 110.00 | OK | |
| r-release-windows-x86_64 | 1.0.5-1 | 122.00 | 124.00 | 246.00 | OK | |
| r-oldrel-macos-arm64 | 1.0.5-1 | 48.00 | 44.00 | 92.00 | NOTE | |
| r-oldrel-macos-x86_64 | 1.0.5-1 | 47.00 | 66.00 | 113.00 | NOTE | |
| r-oldrel-windows-x86_64 | 1.0.5-1 | 144.00 | 158.00 | 302.00 | OK |
Version: 1.0.5-1
Check: installed package size
Result: NOTE
installed size is 36.2Mb
sub-directories of 1Mb or more:
libs 35.2Mb
Flavors: r-oldrel-macos-arm64, r-oldrel-macos-x86_64