Last updated on 2025-11-16 04:48:38 CET.
| Flavor | Version | Tinstall | Tcheck | Ttotal | Status | Flags |
|---|---|---|---|---|---|---|
| r-devel-linux-x86_64-debian-clang | 2.3.2 | 12.98 | 116.13 | 129.11 | OK | |
| r-devel-linux-x86_64-debian-gcc | 2.3.2 | 10.57 | 86.19 | 96.76 | NOTE | |
| r-devel-linux-x86_64-fedora-clang | 2.3.2 | 153.00 | 78.97 | 231.97 | OK | |
| r-devel-linux-x86_64-fedora-gcc | 2.3.2 | 26.00 | 178.34 | 204.34 | OK | |
| r-devel-windows-x86_64 | 2.3.2 | 18.00 | 114.00 | 132.00 | OK | |
| r-patched-linux-x86_64 | 2.3.2 | 12.50 | 109.70 | 122.20 | OK | |
| r-release-linux-x86_64 | 2.3.2 | 12.95 | 110.27 | 123.22 | OK | |
| r-release-macos-arm64 | 2.3.2 | 6.00 | 57.00 | 63.00 | OK | |
| r-release-macos-x86_64 | 2.3.2 | 12.00 | 101.00 | 113.00 | OK | |
| r-release-windows-x86_64 | 2.3.2 | 16.00 | 113.00 | 129.00 | OK | |
| r-oldrel-macos-arm64 | 2.3.2 | 5.00 | 56.00 | 61.00 | OK | |
| r-oldrel-macos-x86_64 | 2.3.2 | 12.00 | 104.00 | 116.00 | OK | |
| r-oldrel-windows-x86_64 | 2.3.2 | 22.00 | 149.00 | 171.00 | OK |
Version: 2.3.2
Check: CRAN incoming feasibility
Result: NOTE
Maintainer: ‘Yinan Zheng <y-zheng@northwestern.edu>’
The BugReports field in DESCRIPTION has
https://github.com/YinanZheng/HIMA/issues/
which should likely be
https://github.com/YinanZheng/HIMA/issues/issues
instead.
Flavor: r-devel-linux-x86_64-debian-gcc