CRAN Package Check Results for Package HMPTrees

Last updated on 2025-11-16 04:48:38 CET.

Flavor Version Tinstall Tcheck Ttotal Status Flags
r-devel-linux-x86_64-debian-clang 1.4 10.61 102.48 113.09 NOTE
r-devel-linux-x86_64-debian-gcc 1.4 7.54 71.95 79.49 NOTE
r-devel-linux-x86_64-fedora-clang 1.4 51.00 125.23 176.23 OK
r-devel-linux-x86_64-fedora-gcc 1.4 21.00 153.00 174.00 OK
r-devel-windows-x86_64 1.4 15.00 114.00 129.00 OK
r-patched-linux-x86_64 1.4 9.97 96.31 106.28 OK
r-release-linux-x86_64 1.4 9.82 95.40 105.22 OK
r-release-macos-arm64 1.4 4.00 51.00 55.00 OK
r-release-macos-x86_64 1.4 9.00 79.00 88.00 OK
r-release-windows-x86_64 1.4 12.00 114.00 126.00 OK
r-oldrel-macos-arm64 1.4 5.00 47.00 52.00 OK
r-oldrel-macos-x86_64 1.4 11.00 72.00 83.00 OK
r-oldrel-windows-x86_64 1.4 16.00 139.00 155.00 OK

Check Details

Version: 1.4
Check: CRAN incoming feasibility
Result: NOTE Maintainer: ‘Berkley Shands <rpackages@biorankings.com>’ No Authors@R field in DESCRIPTION. Please add one, modifying Authors@R: c(person(given = c("Patricio", "S."), family = "La Rosa", role = "aut"), person(given = "Elena", family = "Deych", role = "aut"), person(given = "Berkley", family = "Shands", role = c("aut", "cre"), email = "rpackages@biorankings.com"), person(given = c("William", "D."), family = "Shannon", role = "aut")) as necessary. Flavors: r-devel-linux-x86_64-debian-clang, r-devel-linux-x86_64-debian-gcc