Last updated on 2025-02-21 04:51:49 CET.
Flavor | Version | Tinstall | Tcheck | Ttotal | Status | Flags |
---|---|---|---|---|---|---|
r-devel-linux-x86_64-debian-clang | 1.2.2 | 8.50 | 140.37 | 148.87 | NOTE | |
r-devel-linux-x86_64-debian-gcc | 1.2.2 | 6.23 | 98.37 | 104.60 | NOTE | |
r-devel-linux-x86_64-fedora-clang | 1.2.2 | 226.22 | NOTE | |||
r-devel-linux-x86_64-fedora-gcc | 1.2.2 | 224.42 | NOTE | |||
r-devel-macos-arm64 | 1.2.2 | 70.00 | OK | |||
r-devel-macos-x86_64 | 1.2.2 | 125.00 | OK | |||
r-devel-windows-x86_64 | 1.2.2 | 10.00 | 130.00 | 140.00 | NOTE | |
r-patched-linux-x86_64 | 1.2.2 | 13.70 | 129.82 | 143.52 | OK | |
r-release-linux-x86_64 | 1.2.2 | 7.80 | 128.24 | 136.04 | OK | |
r-release-macos-arm64 | 1.2.2 | 68.00 | NOTE | |||
r-release-macos-x86_64 | 1.2.2 | 116.00 | NOTE | |||
r-release-windows-x86_64 | 1.2.2 | 12.00 | 125.00 | 137.00 | NOTE | |
r-oldrel-macos-arm64 | 1.2.2 | 70.00 | NOTE | |||
r-oldrel-macos-x86_64 | 1.2.2 | 119.00 | NOTE | |||
r-oldrel-windows-x86_64 | 1.2.2 | 14.00 | 152.00 | 166.00 | NOTE |
Version: 1.2.2
Check: Rd cross-references
Result: NOTE
Found the following Rd file(s) with Rd \link{} targets missing package
anchors:
plot_kinetics.Rd: bind_rows
Please provide package anchors for all Rd \link{} targets not in the
package itself and the base packages.
Flavors: r-devel-linux-x86_64-debian-clang, r-devel-linux-x86_64-debian-gcc, r-devel-windows-x86_64
Version: 1.2.2
Check: dependencies in R code
Result: NOTE
Namespaces in Imports field not imported from:
‘DT’ ‘gsubfn’ ‘stringr’
All declared Imports should be used.
Flavors: r-devel-linux-x86_64-fedora-clang, r-devel-linux-x86_64-fedora-gcc
Version: 1.2.2
Check: installed package size
Result: NOTE
installed size is 8.2Mb
sub-directories of 1Mb or more:
HaDeX 4.0Mb
doc 4.0Mb
Flavors: r-release-macos-arm64, r-release-macos-x86_64, r-release-windows-x86_64, r-oldrel-macos-arm64, r-oldrel-macos-x86_64, r-oldrel-windows-x86_64