Last updated on 2025-11-16 04:48:38 CET.
| Flavor | Version | Tinstall | Tcheck | Ttotal | Status | Flags |
|---|---|---|---|---|---|---|
| r-devel-linux-x86_64-debian-clang | 0.0.3 | 6.37 | 70.50 | 76.87 | NOTE | |
| r-devel-linux-x86_64-debian-gcc | 0.0.3 | 4.58 | 51.69 | 56.27 | NOTE | |
| r-devel-linux-x86_64-fedora-clang | 0.0.3 | 29.00 | 97.65 | 126.65 | OK | |
| r-devel-linux-x86_64-fedora-gcc | 0.0.3 | 14.00 | 276.92 | 290.92 | OK | |
| r-devel-windows-x86_64 | 0.0.3 | 10.00 | 79.00 | 89.00 | OK | |
| r-patched-linux-x86_64 | 0.0.3 | 6.50 | 65.77 | 72.27 | OK | |
| r-release-linux-x86_64 | 0.0.3 | 6.16 | 66.20 | 72.36 | OK | |
| r-release-macos-arm64 | 0.0.3 | 3.00 | 89.00 | 92.00 | OK | |
| r-release-macos-x86_64 | 0.0.3 | 5.00 | 144.00 | 149.00 | OK | |
| r-release-windows-x86_64 | 0.0.3 | 8.00 | 78.00 | 86.00 | OK | |
| r-oldrel-macos-arm64 | 0.0.3 | 3.00 | 67.00 | 70.00 | OK | |
| r-oldrel-macos-x86_64 | 0.0.3 | 4.00 | 118.00 | 122.00 | OK | |
| r-oldrel-windows-x86_64 | 0.0.3 | 12.00 | 100.00 | 112.00 | OK |
Version: 0.0.3
Check: CRAN incoming feasibility
Result: NOTE
Maintainer: ‘Ruidong Li <rli012@ucr.edu>’
No Authors@R field in DESCRIPTION.
Please add one, modifying
Authors@R: c(person(given = "Ruidong",
family = "Li",
role = c("aut", "cre"),
email = "rli012@ucr.edu"),
person(given = "Han",
family = "Qu",
role = "aut"),
person(given = "Jinfeng",
family = "Chen",
role = "aut"),
person(given = "Shibo",
family = "Wang",
role = "aut"),
person(family = "Le Zhang",
role = "aut"),
person(given = "Julong",
family = "Wei",
role = "aut"),
person(given = c("Sergio", "Pietro"),
family = "Ferrante",
role = "aut"),
person(given = c("Mikeal", "L."),
family = "Roose",
role = "aut"),
person(given = "Zhenyu",
family = "Jia",
role = "aut"))
as necessary.
Flavors: r-devel-linux-x86_64-debian-clang, r-devel-linux-x86_64-debian-gcc