Last updated on 2024-08-25 05:49:23 CEST.
Flavor | Version | Tinstall | Tcheck | Ttotal | Status | Flags |
---|---|---|---|---|---|---|
r-devel-linux-x86_64-debian-clang | 0.2-6 | 10.56 | 42.85 | 53.41 | NOTE | |
r-devel-linux-x86_64-debian-gcc | 0.2-6 | 6.95 | 29.56 | 36.51 | NOTE | |
r-devel-linux-x86_64-fedora-clang | 0.2-6 | 91.99 | OK | |||
r-devel-linux-x86_64-fedora-gcc | 0.2-6 | 88.12 | OK | |||
r-devel-windows-x86_64 | 0.2-6 | 14.00 | 66.00 | 80.00 | NOTE | |
r-patched-linux-x86_64 | 0.2-6 | 10.32 | 40.63 | 50.95 | OK | |
r-release-linux-x86_64 | 0.2-6 | 9.51 | 41.60 | 51.11 | OK | |
r-release-macos-arm64 | 0.2-6 | 23.00 | OK | |||
r-release-macos-x86_64 | 0.2-6 | 36.00 | OK | |||
r-release-windows-x86_64 | 0.2-6 | 13.00 | 65.00 | 78.00 | OK | |
r-oldrel-macos-arm64 | 0.2-6 | 33.00 | OK | |||
r-oldrel-macos-x86_64 | 0.2-6 | 64.00 | OK | |||
r-oldrel-windows-x86_64 | 0.2-6 | 12.00 | 75.00 | 87.00 | OK |
Version: 0.2-6
Check: Rd cross-references
Result: NOTE
Found the following Rd file(s) with Rd \link{} targets missing package
anchors:
DACrossVal.Rd: lda, predict.lda
Please provide package anchors for all Rd \link{} targets not in the
package itself and the base packages.
Flavors: r-devel-linux-x86_64-debian-clang, r-devel-linux-x86_64-debian-gcc, r-devel-windows-x86_64