CRAN Package Check Results for Package IDCard

Last updated on 2025-11-16 04:48:39 CET.

Flavor Version Tinstall Tcheck Ttotal Status Flags
r-devel-linux-x86_64-debian-clang 0.3.0 2.80 25.53 28.33 NOTE
r-devel-linux-x86_64-debian-gcc 0.3.0 1.89 21.24 23.13 NOTE
r-devel-linux-x86_64-fedora-clang 0.3.0 13.00 31.85 44.85 OK
r-devel-linux-x86_64-fedora-gcc 0.3.0 39.16 OK
r-devel-windows-x86_64 0.3.0 4.00 43.00 47.00 OK
r-patched-linux-x86_64 0.3.0 2.75 24.30 27.05 OK
r-release-linux-x86_64 0.3.0 2.67 24.30 26.97 OK
r-release-macos-arm64 0.3.0 2.00 22.00 24.00 OK
r-release-macos-x86_64 0.3.0 2.00 29.00 31.00 OK
r-release-windows-x86_64 0.3.0 4.00 42.00 46.00 OK
r-oldrel-macos-arm64 0.3.0 1.00 17.00 18.00 OK
r-oldrel-macos-x86_64 0.3.0 2.00 25.00 27.00 OK
r-oldrel-windows-x86_64 0.3.0 6.00 50.00 56.00 OK

Check Details

Version: 0.3.0
Check: CRAN incoming feasibility
Result: NOTE Maintainer: ‘Zhicheng Du<dgdzc@hotmail.com>’ No Authors@R field in DESCRIPTION. Please add one, modifying Authors@R: c(person(given = "Zhicheng", family = "Du", role = c("aut", "cre"), email = "dgdzc@hotmail.com"), person(given = "Yuantao", family = "Hao", role = "aut")) as necessary. Flavors: r-devel-linux-x86_64-debian-clang, r-devel-linux-x86_64-debian-gcc