Last updated on 2024-08-25 05:49:23 CEST.
Flavor | Version | Tinstall | Tcheck | Ttotal | Status | Flags |
---|---|---|---|---|---|---|
r-devel-linux-x86_64-debian-clang | 0.3 | 9.42 | 77.93 | 87.35 | NOTE | |
r-devel-linux-x86_64-debian-gcc | 0.3 | 7.24 | 56.61 | 63.85 | NOTE | |
r-devel-linux-x86_64-fedora-clang | 0.3 | 140.32 | NOTE | |||
r-devel-linux-x86_64-fedora-gcc | 0.3 | 139.36 | NOTE | |||
r-devel-windows-x86_64 | 0.3 | 11.00 | 94.00 | 105.00 | NOTE | |
r-patched-linux-x86_64 | 0.3 | 9.82 | 73.37 | 83.19 | NOTE | |
r-release-linux-x86_64 | 0.3 | 7.42 | 73.54 | 80.96 | NOTE | |
r-release-macos-arm64 | 0.3 | 42.00 | NOTE | |||
r-release-macos-x86_64 | 0.3 | 59.00 | NOTE | |||
r-release-windows-x86_64 | 0.3 | 11.00 | 94.00 | 105.00 | NOTE | |
r-oldrel-macos-arm64 | 0.3 | 46.00 | OK | |||
r-oldrel-macos-x86_64 | 0.3 | 73.00 | OK | |||
r-oldrel-windows-x86_64 | 0.3 | 15.00 | 113.00 | 128.00 | OK |
Version: 0.3
Check: Rd files
Result: NOTE
checkRd: (-1) lab.qcs.Rd:24: Lost braces
24 | It develops an object of \code{lab.qcs}-code{link{class}} to perform statistical quality control.
| ^
checkRd: (-1) lab.qcs.Rd:24: Lost braces
24 | It develops an object of \code{lab.qcs}-code{link{class}} to perform statistical quality control.
| ^
Flavors: r-devel-linux-x86_64-debian-clang, r-devel-linux-x86_64-debian-gcc, r-devel-linux-x86_64-fedora-clang, r-devel-linux-x86_64-fedora-gcc, r-devel-windows-x86_64, r-patched-linux-x86_64, r-release-linux-x86_64, r-release-macos-arm64, r-release-macos-x86_64, r-release-windows-x86_64