CRAN Package Check Results for Package IntervalQuestionStat

Last updated on 2025-11-16 04:48:39 CET.

Flavor Version Tinstall Tcheck Ttotal Status Flags
r-devel-linux-x86_64-debian-clang 0.2.0 5.38 43.52 48.90 OK
r-devel-linux-x86_64-debian-gcc 0.2.0 4.25 33.65 37.90 NOTE
r-devel-linux-x86_64-fedora-clang 0.2.0 23.00 52.14 75.14 OK
r-devel-linux-x86_64-fedora-gcc 0.2.0 21.00 50.42 71.42 OK
r-devel-windows-x86_64 0.2.0 11.00 65.00 76.00 OK
r-patched-linux-x86_64 0.2.0 6.53 40.29 46.82 OK
r-release-linux-x86_64 0.2.0 4.11 40.82 44.93 OK
r-release-macos-arm64 0.2.0 2.00 22.00 24.00 OK
r-release-macos-x86_64 0.2.0 5.00 47.00 52.00 OK
r-release-windows-x86_64 0.2.0 7.00 65.00 72.00 OK
r-oldrel-macos-arm64 0.2.0 2.00 22.00 24.00 OK
r-oldrel-macos-x86_64 0.2.0 7.00 38.00 45.00 OK
r-oldrel-windows-x86_64 0.2.0 7.00 76.00 83.00 OK

Check Details

Version: 0.2.0
Check: CRAN incoming feasibility
Result: NOTE Maintainer: ‘José García-García <garciagarjose@uniovi.es>’ The BugReports field in DESCRIPTION has https://github.com/garciagarjose/IntervalQuestionStat/issues/ which should likely be https://github.com/garciagarjose/IntervalQuestionStat/issues/issues instead. Flavor: r-devel-linux-x86_64-debian-gcc