Last updated on 2025-10-25 05:50:05 CEST.
| Flavor | Version | Tinstall | Tcheck | Ttotal | Status | Flags |
|---|---|---|---|---|---|---|
| r-devel-linux-x86_64-debian-clang | 0.1.0 | 20.48 | 22.89 | 43.37 | NOTE | |
| r-devel-linux-x86_64-debian-gcc | 0.1.0 | 13.57 | 18.91 | 32.48 | NOTE | |
| r-devel-linux-x86_64-fedora-clang | 0.1.0 | 46.00 | 30.35 | 76.35 | OK | |
| r-devel-linux-x86_64-fedora-gcc | 0.1.0 | 41.00 | 28.32 | 69.32 | OK | |
| r-devel-windows-x86_64 | 0.1.0 | 27.00 | 54.00 | 81.00 | OK | |
| r-patched-linux-x86_64 | 0.1.0 | 19.76 | 22.02 | 41.78 | OK | |
| r-release-linux-x86_64 | 0.1.0 | 20.94 | 21.83 | 42.77 | OK | |
| r-release-macos-arm64 | 0.1.0 | 9.00 | 15.00 | 24.00 | OK | |
| r-release-macos-x86_64 | 0.1.0 | 19.00 | 31.00 | 50.00 | OK | |
| r-release-windows-x86_64 | 0.1.0 | 27.00 | 64.00 | 91.00 | OK | |
| r-oldrel-macos-arm64 | 0.1.0 | 9.00 | 14.00 | 23.00 | NOTE | |
| r-oldrel-macos-x86_64 | 0.1.0 | 11.00 | 30.00 | 41.00 | NOTE | |
| r-oldrel-windows-x86_64 | 0.1.0 | 31.00 | 70.00 | 101.00 | NOTE |
Version: 0.1.0
Check: CRAN incoming feasibility
Result: NOTE
Maintainer: ‘Zeng Xianli <a0123862@u.nus.edu>’
No Authors@R field in DESCRIPTION.
Please add one, modifying
Authors@R: c(person(given = "Zeng",
family = "Xianli",
role = c("aut", "cre"),
email = "a0123862@u.nus.edu"),
person(given = "Hang",
family = "Weiqiang",
role = "aut",
email = "e0010758@u.nus.edu"))
as necessary.
Flavors: r-devel-linux-x86_64-debian-clang, r-devel-linux-x86_64-debian-gcc
Version: 0.1.0
Check: LazyData
Result: NOTE
'LazyData' is specified without a 'data' directory
Flavors: r-oldrel-macos-arm64, r-oldrel-macos-x86_64, r-oldrel-windows-x86_64