CRAN Package Check Results for Package JWileymisc

Last updated on 2025-11-16 04:48:40 CET.

Flavor Version Tinstall Tcheck Ttotal Status Flags
r-devel-linux-x86_64-debian-clang 1.4.4 24.21 264.06 288.27 OK
r-devel-linux-x86_64-debian-gcc 1.4.4 16.00 181.66 197.66 OK
r-devel-linux-x86_64-fedora-clang 1.4.4 107.00 357.44 464.44 OK
r-devel-linux-x86_64-fedora-gcc 1.4.4 98.00 360.49 458.49 OK
r-devel-windows-x86_64 1.4.4 28.00 290.00 318.00 OK
r-patched-linux-x86_64 1.4.4 23.10 248.53 271.63 ERROR
r-release-linux-x86_64 1.4.4 22.56 247.86 270.42 ERROR
r-release-macos-arm64 1.4.4 9.00 71.00 80.00 OK
r-release-macos-x86_64 1.4.4 27.00 163.00 190.00 OK
r-release-windows-x86_64 1.4.4 26.00 243.00 269.00 ERROR
r-oldrel-macos-arm64 1.4.4 10.00 73.00 83.00 OK
r-oldrel-macos-x86_64 1.4.4 23.00 140.00 163.00 OK
r-oldrel-windows-x86_64 1.4.4 35.00 329.00 364.00 OK

Check Details

Version: 1.4.4
Check: tests
Result: ERROR Running ‘testthat.R’ [32s/40s] Running the tests in ‘tests/testthat.R’ failed. Complete output: > library(testthat) > test_check("JWileymisc") Loading required package: JWileymisc $`1` $`2` attr(,"class") [1] "list" "ggarrange" Loading required namespace: GPArotation [ FAIL 1 | WARN 4 | SKIP 1 | PASS 418 ] ══ Skipped tests (1) ═══════════════════════════════════════════════════════════ • On CRAN (1): 'test-distributions.R:75:3' ══ Failed tests ════════════════════════════════════════════════════════════════ ── Failure ('test-descriptives-helpers.R:22:5'): .stylepairedwilcox works ────── `res` (`actual`) not equal to "Wilcoxon Paired V = 54.00, p = .004" (`expected`). `actual`: "Wilcoxon Paired V = 45.00, p = .009" `expected`: "Wilcoxon Paired V = 54.00, p = .004" [ FAIL 1 | WARN 4 | SKIP 1 | PASS 418 ] Error: Test failures Execution halted Flavor: r-patched-linux-x86_64

Version: 1.4.4
Check: tests
Result: ERROR Running ‘testthat.R’ [32s/43s] Running the tests in ‘tests/testthat.R’ failed. Complete output: > library(testthat) > test_check("JWileymisc") Loading required package: JWileymisc $`1` $`2` attr(,"class") [1] "list" "ggarrange" Saving _problems/test-descriptives-helpers-24.R Loading required namespace: GPArotation [ FAIL 1 | WARN 4 | SKIP 1 | PASS 418 ] ══ Skipped tests (1) ═══════════════════════════════════════════════════════════ • On CRAN (1): 'test-distributions.R:75:3' ══ Failed tests ════════════════════════════════════════════════════════════════ ── Failure ('test-descriptives-helpers.R:22:5'): .stylepairedwilcox works ────── Expected `res` to equal "Wilcoxon Paired V = 54.00, p = .004". Differences: `actual`: "Wilcoxon Paired V = 45.00, p = .009" `expected`: "Wilcoxon Paired V = 54.00, p = .004" [ FAIL 1 | WARN 4 | SKIP 1 | PASS 418 ] Error: ! Test failures. Execution halted Flavor: r-release-linux-x86_64

Version: 1.4.4
Check: tests
Result: ERROR Running 'testthat.R' [25s] Running the tests in 'tests/testthat.R' failed. Complete output: > library(testthat) > test_check("JWileymisc") Loading required package: JWileymisc $`1` $`2` attr(,"class") [1] "list" "ggarrange" Loading required namespace: GPArotation [ FAIL 1 | WARN 4 | SKIP 1 | PASS 418 ] ══ Skipped tests (1) ═══════════════════════════════════════════════════════════ • On CRAN (1): 'test-distributions.R:75:3' ══ Failed tests ════════════════════════════════════════════════════════════════ ── Failure ('test-descriptives-helpers.R:22:5'): .stylepairedwilcox works ────── `res` (`actual`) not equal to "Wilcoxon Paired V = 54.00, p = .004" (`expected`). `actual`: "Wilcoxon Paired V = 45.00, p = .009" `expected`: "Wilcoxon Paired V = 54.00, p = .004" [ FAIL 1 | WARN 4 | SKIP 1 | PASS 418 ] Error: Test failures Execution halted Flavor: r-release-windows-x86_64