Last updated on 2025-10-25 05:50:05 CEST.
| Flavor | Version | Tinstall | Tcheck | Ttotal | Status | Flags |
|---|---|---|---|---|---|---|
| r-devel-linux-x86_64-debian-clang | 0.1.0 | 1.97 | 32.50 | 34.47 | NOTE | |
| r-devel-linux-x86_64-debian-gcc | 0.1.0 | 1.63 | 25.54 | 27.17 | NOTE | |
| r-devel-linux-x86_64-fedora-clang | 0.1.0 | 51.99 | OK | |||
| r-devel-linux-x86_64-fedora-gcc | 0.1.0 | 65.04 | OK | |||
| r-devel-windows-x86_64 | 0.1.0 | 4.00 | 50.00 | 54.00 | OK | |
| r-patched-linux-x86_64 | 0.1.0 | 2.14 | 30.74 | 32.88 | OK | |
| r-release-linux-x86_64 | 0.1.0 | 2.20 | 30.63 | 32.83 | OK | |
| r-release-macos-arm64 | 0.1.0 | 1.00 | 35.00 | 36.00 | OK | |
| r-release-macos-x86_64 | 0.1.0 | 3.00 | 49.00 | 52.00 | OK | |
| r-release-windows-x86_64 | 0.1.0 | 4.00 | 52.00 | 56.00 | OK | |
| r-oldrel-macos-arm64 | 0.1.0 | 2.00 | 27.00 | 29.00 | NOTE | |
| r-oldrel-macos-x86_64 | 0.1.0 | 2.00 | 36.00 | 38.00 | NOTE | |
| r-oldrel-windows-x86_64 | 0.1.0 | 5.00 | 58.00 | 63.00 | NOTE |
Version: 0.1.0
Check: CRAN incoming feasibility
Result: NOTE
Maintainer: ‘Markus Burkhardt <markus.burkhardt@psychologie.tu-chemnitz.de>’
Found the following URLs which should use \doi (with the DOI name only):
File ‘TODAM2.Rd’:
https://doi.org/10.1006/jmps.2000.1339
Flavors: r-devel-linux-x86_64-debian-clang, r-devel-linux-x86_64-debian-gcc
Version: 0.1.0
Check: LazyData
Result: NOTE
'LazyData' is specified without a 'data' directory
Flavors: r-oldrel-macos-arm64, r-oldrel-macos-x86_64, r-oldrel-windows-x86_64