Last updated on 2024-08-25 05:49:25 CEST.
Flavor | Version | Tinstall | Tcheck | Ttotal | Status | Flags |
---|---|---|---|---|---|---|
r-devel-linux-x86_64-debian-clang | 0.1.3 | 7.45 | 65.69 | 73.14 | NOTE | |
r-devel-linux-x86_64-debian-gcc | 0.1.3 | 4.91 | 44.55 | 49.46 | NOTE | |
r-devel-linux-x86_64-fedora-clang | 0.1.3 | 119.33 | NOTE | |||
r-devel-linux-x86_64-fedora-gcc | 0.1.3 | 115.46 | NOTE | |||
r-devel-windows-x86_64 | 0.1.3 | 9.00 | 80.00 | 89.00 | NOTE | |
r-patched-linux-x86_64 | 0.1.3 | 7.08 | 63.09 | 70.17 | NOTE | |
r-release-linux-x86_64 | 0.1.3 | 5.89 | 62.65 | 68.54 | NOTE | |
r-release-macos-arm64 | 0.1.3 | 36.00 | NOTE | |||
r-release-macos-x86_64 | 0.1.3 | 48.00 | NOTE | |||
r-release-windows-x86_64 | 0.1.3 | 9.00 | 80.00 | 89.00 | NOTE | |
r-oldrel-macos-arm64 | 0.1.3 | 35.00 | NOTE | |||
r-oldrel-macos-x86_64 | 0.1.3 | 54.00 | NOTE | |||
r-oldrel-windows-x86_64 | 0.1.3 | 11.00 | 94.00 | 105.00 | NOTE |
Version: 0.1.3
Check: LazyData
Result: NOTE
'LazyData' is specified without a 'data' directory
Flavors: r-devel-linux-x86_64-debian-clang, r-devel-linux-x86_64-debian-gcc, r-devel-linux-x86_64-fedora-clang, r-devel-linux-x86_64-fedora-gcc, r-devel-windows-x86_64, r-patched-linux-x86_64, r-release-linux-x86_64, r-release-macos-arm64, r-release-macos-x86_64, r-release-windows-x86_64, r-oldrel-macos-arm64, r-oldrel-macos-x86_64, r-oldrel-windows-x86_64