Last updated on 2025-11-16 04:48:41 CET.
| Flavor | Version | Tinstall | Tcheck | Ttotal | Status | Flags |
|---|---|---|---|---|---|---|
| r-devel-linux-x86_64-debian-clang | 1.0-3 | 11.79 | 117.91 | 129.70 | OK | |
| r-devel-linux-x86_64-debian-gcc | 1.0-3 | 10.79 | 83.96 | 94.75 | OK | |
| r-devel-linux-x86_64-fedora-clang | 1.0-3 | 75.00 | 134.26 | 209.26 | OK | |
| r-devel-linux-x86_64-fedora-gcc | 1.0-3 | 67.00 | 132.24 | 199.24 | OK | |
| r-devel-windows-x86_64 | 1.0-3 | 20.00 | 123.00 | 143.00 | OK | |
| r-patched-linux-x86_64 | 1.0-3 | 13.14 | 112.10 | 125.24 | OK | |
| r-release-linux-x86_64 | 1.0-3 | 11.29 | 112.88 | 124.17 | OK | |
| r-release-macos-arm64 | 1.0-3 | 6.00 | 44.00 | 50.00 | OK | |
| r-release-macos-x86_64 | 1.0-3 | 10.00 | 79.00 | 89.00 | OK | |
| r-release-windows-x86_64 | 1.0-3 | 17.00 | 124.00 | 141.00 | OK | |
| r-oldrel-macos-arm64 | 1.0-3 | 6.00 | 45.00 | 51.00 | NOTE | |
| r-oldrel-macos-x86_64 | 1.0-3 | 11.00 | 86.00 | 97.00 | NOTE | |
| r-oldrel-windows-x86_64 | 1.0-3 | 19.00 | 155.00 | 174.00 | NOTE |
Version: 1.0-3
Check: package dependencies
Result: NOTE
Package suggested but not available for checking: ‘kerdiest’
Flavors: r-oldrel-macos-arm64, r-oldrel-macos-x86_64, r-oldrel-windows-x86_64