CRAN Package Check Results for Package LSTS

Last updated on 2025-11-16 04:48:41 CET.

Flavor Version Tinstall Tcheck Ttotal Status Flags
r-devel-linux-x86_64-debian-clang 2.1 5.32 77.50 82.82 NOTE
r-devel-linux-x86_64-debian-gcc 2.1 3.51 55.09 58.60 NOTE
r-devel-linux-x86_64-fedora-clang 2.1 41.00 99.66 140.66 NOTE
r-devel-linux-x86_64-fedora-gcc 2.1 25.00 107.79 132.79 NOTE
r-devel-windows-x86_64 2.1 10.00 84.00 94.00 NOTE
r-patched-linux-x86_64 2.1 5.58 72.90 78.48 NOTE
r-release-linux-x86_64 2.1 4.39 73.59 77.98 NOTE
r-release-macos-arm64 2.1 3.00 33.00 36.00 NOTE
r-release-macos-x86_64 2.1 8.00 86.00 94.00 NOTE
r-release-windows-x86_64 2.1 8.00 83.00 91.00 NOTE
r-oldrel-macos-arm64 2.1 3.00 29.00 32.00 NOTE
r-oldrel-macos-x86_64 2.1 5.00 56.00 61.00 NOTE
r-oldrel-windows-x86_64 2.1 11.00 106.00 117.00 NOTE

Check Details

Version: 2.1
Check: Rd files
Result: NOTE checkRd: (-1) LS.kalman.Rd:65: Escaped LaTeX specials: \& checkRd: (-1) spectral.density.Rd:55: Escaped LaTeX specials: \& Flavors: r-devel-linux-x86_64-debian-clang, r-devel-linux-x86_64-debian-gcc, r-devel-linux-x86_64-fedora-clang, r-devel-linux-x86_64-fedora-gcc, r-devel-windows-x86_64, r-patched-linux-x86_64, r-release-linux-x86_64, r-release-macos-arm64, r-release-macos-x86_64, r-release-windows-x86_64, r-oldrel-macos-arm64, r-oldrel-macos-x86_64, r-oldrel-windows-x86_64

Version: 2.1
Check: CRAN incoming feasibility
Result: NOTE Maintainer: ‘Mauricio Vargas <mavargas11@uc.cl>’ The BugReports field in DESCRIPTION has https://github.com/pachadotdev/LSTS/issues/ which should likely be https://github.com/pachadotdev/LSTS/issues/issues instead. Flavor: r-devel-linux-x86_64-debian-gcc

Version: 2.1
Check: dependencies in R code
Result: NOTE Namespace in Imports field not imported from: ‘Rdpack’ All declared Imports should be used. Flavors: r-devel-linux-x86_64-fedora-clang, r-devel-linux-x86_64-fedora-gcc