Last updated on 2024-08-25 05:49:25 CEST.
Flavor | Version | Tinstall | Tcheck | Ttotal | Status | Flags |
---|---|---|---|---|---|---|
r-devel-linux-x86_64-debian-clang | 0.5.0 | 15.41 | 82.12 | 97.53 | NOTE | |
r-devel-linux-x86_64-debian-gcc | 0.5.0 | 10.32 | 59.53 | 69.85 | NOTE | |
r-devel-linux-x86_64-fedora-clang | 0.5.0 | 158.18 | NOTE | |||
r-devel-linux-x86_64-fedora-gcc | 0.5.0 | 170.33 | NOTE | |||
r-devel-windows-x86_64 | 0.5.0 | 15.00 | 103.00 | 118.00 | NOTE | |
r-patched-linux-x86_64 | 0.5.0 | 16.34 | 78.82 | 95.16 | OK | |
r-release-linux-x86_64 | 0.5.0 | 11.02 | 78.39 | 89.41 | OK | |
r-release-macos-arm64 | 0.5.0 | 63.00 | WARN | |||
r-release-macos-x86_64 | 0.5.0 | 125.00 | WARN | |||
r-release-windows-x86_64 | 0.5.0 | 15.00 | 107.00 | 122.00 | OK | |
r-oldrel-macos-arm64 | 0.5.0 | 67.00 | WARN | |||
r-oldrel-macos-x86_64 | 0.5.0 | 177.00 | WARN | |||
r-oldrel-windows-x86_64 | 0.5.0 | 20.00 | 126.00 | 146.00 | OK |
Version: 0.5.0
Check: Rd cross-references
Result: NOTE
Found the following Rd file(s) with Rd \link{} targets missing package
anchors:
mosaic_cull_for_do.Rd: do
Please provide package anchors for all Rd \link{} targets not in the
package itself and the base packages.
Flavors: r-devel-linux-x86_64-debian-clang, r-devel-linux-x86_64-debian-gcc, r-devel-windows-x86_64
Version: 0.5.0
Check: data for non-ASCII characters
Result: NOTE
Note: found 20 marked UTF-8 strings
Flavors: r-devel-linux-x86_64-fedora-clang, r-devel-linux-x86_64-fedora-gcc
Version: 0.5.0
Check: loading without being on the library search path
Result: WARN
Error: package or namespace load failed for ‘LSTbook’:
.onLoad failed in loadNamespace() for 'LSTbook', details:
call: loadNamespace(name)
error: there is no package called ‘ggformula’
Execution halted
It looks like this package has a loading problem when not on .libPaths:
see the messages for details.
Flavors: r-release-macos-arm64, r-release-macos-x86_64, r-oldrel-macos-arm64, r-oldrel-macos-x86_64