Last updated on 2025-10-25 05:50:06 CEST.
| Flavor | Version | Tinstall | Tcheck | Ttotal | Status | Flags |
|---|---|---|---|---|---|---|
| r-devel-linux-x86_64-debian-clang | 1.0.0 | 3.57 | 28.66 | 32.23 | OK | |
| r-devel-linux-x86_64-debian-gcc | 1.0.0 | 3.25 | 21.68 | 24.93 | OK | |
| r-devel-linux-x86_64-fedora-clang | 1.0.0 | 51.13 | OK | |||
| r-devel-linux-x86_64-fedora-gcc | 1.0.0 | 12.00 | 36.62 | 48.62 | OK | |
| r-devel-windows-x86_64 | 1.0.0 | 5.00 | 45.00 | 50.00 | OK | |
| r-patched-linux-x86_64 | 1.0.0 | 4.28 | 27.52 | 31.80 | OK | |
| r-release-linux-x86_64 | 1.0.0 | 4.20 | 27.41 | 31.61 | OK | |
| r-release-macos-arm64 | 1.0.0 | 4.00 | 29.00 | 33.00 | OK | |
| r-release-macos-x86_64 | 1.0.0 | 4.00 | 32.00 | 36.00 | OK | |
| r-release-windows-x86_64 | 1.0.0 | 6.00 | 47.00 | 53.00 | OK | |
| r-oldrel-macos-arm64 | 1.0.0 | 2.00 | 17.00 | 19.00 | NOTE | |
| r-oldrel-macos-x86_64 | 1.0.0 | 3.00 | 23.00 | 26.00 | NOTE | |
| r-oldrel-windows-x86_64 | 1.0.0 | 8.00 | 53.00 | 61.00 | NOTE |
Version: 1.0.0
Check: LazyData
Result: NOTE
'LazyData' is specified without a 'data' directory
Flavors: r-oldrel-macos-arm64, r-oldrel-macos-x86_64, r-oldrel-windows-x86_64