Last updated on 2025-11-16 04:48:40 CET.
| Flavor | Version | Tinstall | Tcheck | Ttotal | Status | Flags |
|---|---|---|---|---|---|---|
| r-devel-linux-x86_64-debian-clang | 0.3.4 | 4.40 | 126.27 | 130.67 | OK | |
| r-devel-linux-x86_64-debian-gcc | 0.3.4 | 3.04 | 100.78 | 103.82 | OK | |
| r-devel-linux-x86_64-fedora-clang | 0.3.4 | 25.00 | 172.35 | 197.35 | OK | |
| r-devel-linux-x86_64-fedora-gcc | 0.3.4 | 15.00 | 190.05 | 205.05 | OK | |
| r-devel-windows-x86_64 | 0.3.4 | 8.00 | 114944.00 | 114952.00 | ERROR | |
| r-patched-linux-x86_64 | 0.3.4 | 4.17 | 123.40 | 127.57 | OK | |
| r-release-linux-x86_64 | 0.3.4 | 3.87 | 123.62 | 127.49 | OK | |
| r-release-macos-arm64 | 0.3.4 | 3.00 | 169.00 | 172.00 | OK | |
| r-release-macos-x86_64 | 0.3.4 | 4.00 | 186.00 | 190.00 | OK | |
| r-release-windows-x86_64 | 0.3.4 | 6.00 | 323.00 | 329.00 | OK | |
| r-oldrel-macos-arm64 | 0.3.4 | 2.00 | 93.00 | 95.00 | OK | |
| r-oldrel-macos-x86_64 | 0.3.4 | 3.00 | 126.00 | 129.00 | OK | |
| r-oldrel-windows-x86_64 | 0.3.4 | 7.00 | 294.00 | 301.00 | OK |
Version: 0.3.4
Check: re-building of vignette outputs
Result: ERROR
Error(s) in re-building vignettes:
--- re-building 'Vig_01_Start_Here.Rmd' using rmarkdown
--- finished re-building 'Vig_01_Start_Here.Rmd'
--- re-building 'Vig_02_Conceptual_Intro_PCA.Rmd' using rmarkdown
--- re-building 'Vig_03_Step_By_Step_PCA.Rmd' using rmarkdown
--- finished re-building 'Vig_03_Step_By_Step_PCA.Rmd'
--- re-building 'Vig_04_Scores_Loadings.Rmd' using rmarkdown
--- finished re-building 'Vig_04_Scores_Loadings.Rmd'
--- re-building 'Vig_05_Visualizing_PCA_3D.Rmd' using rmarkdown
--- finished re-building 'Vig_05_Visualizing_PCA_3D.Rmd'
--- re-building 'Vig_06_Math_Behind_PCA.Rmd' using rmarkdown
--- finished re-building 'Vig_06_Math_Behind_PCA.Rmd'
--- re-building 'Vig_07_Functions_PCA.Rmd' using rmarkdown
--- finished re-building 'Vig_07_Functions_PCA.Rmd'
--- re-building 'Vig_08_Notes.Rmd' using rmarkdown
--- finished re-building 'Vig_08_Notes.Rmd'
SUMMARY: processing the following file failed:
'Vig_02_Conceptual_Intro_PCA.Rmd'
Error: Vignette re-building failed.
Execution halted
Flavor: r-devel-windows-x86_64