CRAN Package Check Results for Package Linkage

Last updated on 2025-11-16 04:48:41 CET.

Flavor Version Tinstall Tcheck Ttotal Status Flags
r-devel-linux-x86_64-debian-clang 0.9 4.11 36.31 40.42 NOTE
r-devel-linux-x86_64-debian-gcc 0.9 3.55 27.77 31.32 NOTE
r-devel-linux-x86_64-fedora-clang 0.9 22.00 41.33 63.33 OK
r-devel-linux-x86_64-fedora-gcc 0.9 16.00 43.57 59.57 OK
r-devel-windows-x86_64 0.9 7.00 52.00 59.00 OK
r-patched-linux-x86_64 0.9 4.09 34.05 38.14 OK
r-release-linux-x86_64 0.9 3.55 33.88 37.43 OK
r-release-macos-arm64 0.9 2.00 23.00 25.00 OK
r-release-macos-x86_64 0.9 3.00 41.00 44.00 OK
r-release-windows-x86_64 0.9 7.00 52.00 59.00 OK
r-oldrel-macos-arm64 0.9 2.00 20.00 22.00 OK
r-oldrel-macos-x86_64 0.9 3.00 27.00 30.00 OK
r-oldrel-windows-x86_64 0.9 7.00 63.00 70.00 OK

Check Details

Version: 0.9
Check: CRAN incoming feasibility
Result: NOTE Maintainer: ‘Charles Bouveyron <charles.bouveyron@gmail.com>’ No Authors@R field in DESCRIPTION. Please add one, modifying Authors@R: c(person(given = "Charles", family = "Bouveyron", role = c("aut", "cre"), email = "charles.bouveyron@gmail.com"), person(given = "Pierre", family = "Latouche", role = "aut"), person(given = "Stéphane", family = "Petiot", role = "aut"), person(given = "Carlos", family = "Ocanto", role = "aut")) as necessary. Flavors: r-devel-linux-x86_64-debian-clang, r-devel-linux-x86_64-debian-gcc