Last updated on 2025-10-26 04:48:39 CET.
| Flavor | Version | Tinstall | Tcheck | Ttotal | Status | Flags |
|---|---|---|---|---|---|---|
| r-devel-linux-x86_64-debian-clang | 2.0.4 | 9.26 | 84.85 | 94.11 | NOTE | |
| r-devel-linux-x86_64-debian-gcc | 2.0.4 | 6.83 | 61.39 | 68.22 | NOTE | |
| r-devel-linux-x86_64-fedora-clang | 2.0.4 | 55.00 | 96.19 | 151.19 | OK | |
| r-devel-linux-x86_64-fedora-gcc | 2.0.4 | 40.00 | 122.38 | 162.38 | OK | |
| r-devel-windows-x86_64 | 2.0.4 | 12.00 | 90.00 | 102.00 | OK | |
| r-patched-linux-x86_64 | 2.0.4 | 9.61 | 79.94 | 89.55 | OK | |
| r-release-linux-x86_64 | 2.0.4 | 8.72 | 80.26 | 88.98 | OK | |
| r-release-macos-arm64 | 2.0.4 | 5.00 | 73.00 | 78.00 | OK | |
| r-release-macos-x86_64 | 2.0.4 | 8.00 | 82.00 | 90.00 | OK | |
| r-release-windows-x86_64 | 2.0.4 | 15.00 | 91.00 | 106.00 | OK | |
| r-oldrel-macos-arm64 | 2.0.4 | 4.00 | 48.00 | 52.00 | OK | |
| r-oldrel-macos-x86_64 | 2.0.4 | 6.00 | 68.00 | 74.00 | OK | |
| r-oldrel-windows-x86_64 | 2.0.4 | 17.00 | 115.00 | 132.00 | OK |
Version: 2.0.4
Check: CRAN incoming feasibility
Result: NOTE
Maintainer: ‘John Chaston <john_chaston@byu.edu>’
Found the following (possibly) invalid file URI:
URI: www.orthomcl.org
From: inst/doc/using_mag.html
Flavors: r-devel-linux-x86_64-debian-clang, r-devel-linux-x86_64-debian-gcc