Last updated on 2025-11-16 04:48:42 CET.
| Flavor | Version | Tinstall | Tcheck | Ttotal | Status | Flags |
|---|---|---|---|---|---|---|
| r-devel-linux-x86_64-debian-clang | 0.0.2 | 14.67 | 56.77 | 71.44 | NOTE | |
| r-devel-linux-x86_64-debian-gcc | 0.0.2 | 9.88 | 42.18 | 52.06 | NOTE | |
| r-devel-linux-x86_64-fedora-clang | 0.0.2 | 79.00 | 46.62 | 125.62 | OK | |
| r-devel-linux-x86_64-fedora-gcc | 0.0.2 | 71.00 | 61.87 | 132.87 | OK | |
| r-devel-windows-x86_64 | 0.0.2 | 21.00 | 361.00 | 382.00 | OK | |
| r-patched-linux-x86_64 | 0.0.2 | 13.99 | 55.23 | 69.22 | OK | |
| r-release-linux-x86_64 | 0.0.2 | 14.98 | 54.60 | 69.58 | OK | |
| r-release-macos-arm64 | 0.0.2 | 9.00 | 121.00 | 130.00 | OK | |
| r-release-macos-x86_64 | 0.0.2 | 12.00 | 278.00 | 290.00 | OK | |
| r-release-windows-x86_64 | 0.0.2 | 19.00 | 360.00 | 379.00 | OK | |
| r-oldrel-macos-arm64 | 0.0.2 | 8.00 | 107.00 | 115.00 | OK | |
| r-oldrel-macos-x86_64 | 0.0.2 | 10.00 | 207.00 | 217.00 | OK | |
| r-oldrel-windows-x86_64 | 0.0.2 | 24.00 | 435.00 | 459.00 | OK |
Version: 0.0.2
Check: CRAN incoming feasibility
Result: NOTE
Maintainer: ‘Meilin Jiang <meilin.jiang@ufl.edu>’
The Description field contains
<arXiv:2301.10064> for more details.
Please refer to arXiv e-prints via their arXiv DOI <doi:10.48550/arXiv.YYMM.NNNNN>.
Flavors: r-devel-linux-x86_64-debian-clang, r-devel-linux-x86_64-debian-gcc