Last updated on 2025-02-21 04:51:55 CET.
Flavor | Version | Tinstall | Tcheck | Ttotal | Status | Flags |
---|---|---|---|---|---|---|
r-devel-linux-x86_64-debian-clang | 1.1 | 14.52 | 132.90 | 147.42 | NOTE | |
r-devel-linux-x86_64-debian-gcc | 1.1 | 11.00 | 114.03 | 125.03 | NOTE | |
r-devel-linux-x86_64-fedora-clang | 1.1 | 236.65 | OK | |||
r-devel-linux-x86_64-fedora-gcc | 1.1 | 239.36 | OK | |||
r-devel-macos-arm64 | 1.1 | 70.00 | OK | |||
r-devel-macos-x86_64 | 1.1 | 146.00 | OK | |||
r-devel-windows-x86_64 | 1.1 | 16.00 | 141.00 | 157.00 | NOTE | |
r-patched-linux-x86_64 | 1.1 | 20.58 | 126.53 | 147.11 | OK | |
r-release-linux-x86_64 | 1.1 | 9.74 | 126.31 | 136.05 | OK | |
r-release-macos-arm64 | 1.1 | 72.00 | OK | |||
r-release-macos-x86_64 | 1.1 | 111.00 | OK | |||
r-release-windows-x86_64 | 1.1 | 16.00 | 139.00 | 155.00 | OK | |
r-oldrel-macos-arm64 | 1.1 | 84.00 | OK | |||
r-oldrel-macos-x86_64 | 1.1 | 124.00 | OK | |||
r-oldrel-windows-x86_64 | 1.1 | 21.00 | 197.00 | 218.00 | OK |
Version: 1.1
Check: Rd cross-references
Result: NOTE
Found the following Rd file(s) with Rd \link{} targets missing package
anchors:
plot.pcmap3d.Rd: rgl
Please provide package anchors for all Rd \link{} targets not in the
package itself and the base packages.
Flavors: r-devel-linux-x86_64-debian-clang, r-devel-linux-x86_64-debian-gcc, r-devel-windows-x86_64