Last updated on 2024-08-25 05:49:26 CEST.
Flavor | Version | Tinstall | Tcheck | Ttotal | Status | Flags |
---|---|---|---|---|---|---|
r-devel-linux-x86_64-debian-clang | 3.0 | 2.16 | 23.88 | 26.04 | NOTE | |
r-devel-linux-x86_64-debian-gcc | 3.0 | 1.71 | 19.02 | 20.73 | NOTE | |
r-devel-linux-x86_64-fedora-clang | 3.0 | 43.31 | NOTE | |||
r-devel-linux-x86_64-fedora-gcc | 3.0 | 42.09 | NOTE | |||
r-devel-windows-x86_64 | 3.0 | 4.00 | 44.00 | 48.00 | NOTE | |
r-patched-linux-x86_64 | 3.0 | 2.19 | 23.07 | 25.26 | NOTE | |
r-release-linux-x86_64 | 3.0 | 2.26 | 23.03 | 25.29 | NOTE | |
r-release-macos-arm64 | 3.0 | 16.00 | NOTE | |||
r-release-macos-x86_64 | 3.0 | 24.00 | NOTE | |||
r-release-windows-x86_64 | 3.0 | 4.00 | 46.00 | 50.00 | NOTE | |
r-oldrel-macos-arm64 | 3.0 | 17.00 | NOTE | |||
r-oldrel-macos-x86_64 | 3.0 | 24.00 | NOTE | |||
r-oldrel-windows-x86_64 | 3.0 | 4.00 | 47.00 | 51.00 | NOTE |
Version: 3.0
Check: LazyData
Result: NOTE
'LazyData' is specified without a 'data' directory
Flavors: r-devel-linux-x86_64-debian-clang, r-devel-linux-x86_64-debian-gcc, r-devel-linux-x86_64-fedora-clang, r-devel-linux-x86_64-fedora-gcc, r-devel-windows-x86_64, r-patched-linux-x86_64, r-release-linux-x86_64, r-release-macos-arm64, r-release-macos-x86_64, r-release-windows-x86_64, r-oldrel-macos-arm64, r-oldrel-macos-x86_64, r-oldrel-windows-x86_64