Last updated on 2025-10-25 05:50:08 CEST.
| Flavor | Version | Tinstall | Tcheck | Ttotal | Status | Flags |
|---|---|---|---|---|---|---|
| r-devel-linux-x86_64-debian-clang | 0.11.2 | 3.38 | 79.00 | 82.38 | NOTE | |
| r-devel-linux-x86_64-debian-gcc | 0.11.2 | 2.86 | 66.38 | 69.24 | NOTE | |
| r-devel-linux-x86_64-fedora-clang | 0.11.2 | 115.59 | OK | |||
| r-devel-linux-x86_64-fedora-gcc | 0.11.2 | 121.67 | OK | |||
| r-devel-windows-x86_64 | 0.11.2 | 7.00 | 99.00 | 106.00 | OK | |
| r-patched-linux-x86_64 | 0.11.2 | 5.28 | 74.73 | 80.01 | OK | |
| r-release-linux-x86_64 | 0.11.2 | 3.08 | 76.23 | 79.31 | OK | |
| r-release-macos-arm64 | 0.11.2 | 2.00 | 35.00 | 37.00 | OK | |
| r-release-macos-x86_64 | 0.11.2 | 4.00 | 68.00 | 72.00 | OK | |
| r-release-windows-x86_64 | 0.11.2 | 7.00 | 98.00 | 105.00 | OK | |
| r-oldrel-macos-arm64 | 0.11.2 | 2.00 | 35.00 | 37.00 | OK | |
| r-oldrel-macos-x86_64 | 0.11.2 | 3.00 | 47.00 | 50.00 | OK | |
| r-oldrel-windows-x86_64 | 0.11.2 | 8.00 | 119.00 | 127.00 | OK |
Version: 0.11.2
Check: CRAN incoming feasibility
Result: NOTE
Maintainer: ‘Qu Tang <tang.q@northeastern.edu>’
Package CITATION file contains call(s) to old-style personList() or
as.personList(). Please use c() on person objects instead.
Package CITATION file contains call(s) to old-style citEntry(). Please
use bibentry() instead.
Flavors: r-devel-linux-x86_64-debian-clang, r-devel-linux-x86_64-debian-gcc