CRAN Package Check Results for Package MMRcaseselection

Last updated on 2025-02-22 04:51:20 CET.

Flavor Version Tinstall Tcheck Ttotal Status Flags
r-devel-linux-x86_64-debian-clang 0.1.0 4.73 53.94 58.67 NOTE
r-devel-linux-x86_64-debian-gcc 0.1.0 3.28 40.19 43.47 NOTE
r-devel-linux-x86_64-fedora-clang 0.1.0 100.36 OK
r-devel-linux-x86_64-fedora-gcc 0.1.0 101.64 OK
r-devel-macos-arm64 0.1.0 41.00 OK
r-devel-macos-x86_64 0.1.0 71.00 OK
r-devel-windows-x86_64 0.1.0 5.00 75.00 80.00 NOTE
r-patched-linux-x86_64 0.1.0 9.39 50.25 59.64 NOTE
r-release-linux-x86_64 0.1.0 4.17 50.11 54.28 NOTE
r-release-macos-arm64 0.1.0 36.00 NOTE
r-release-macos-x86_64 0.1.0 58.00 NOTE
r-release-windows-x86_64 0.1.0 6.00 70.00 76.00 NOTE
r-oldrel-macos-arm64 0.1.0 42.00 NOTE
r-oldrel-macos-x86_64 0.1.0 54.00 NOTE
r-oldrel-windows-x86_64 0.1.0 7.00 80.00 87.00 NOTE

Check Details

Version: 0.1.0
Check: Rd cross-references
Result: NOTE Found the following Rd file(s) with Rd \link{} targets missing package anchors: pathway_xvr.Rd: ggplot2 predint_plot.Rd: ggplot2 residstd_plot.Rd: ggplot2 Please provide package anchors for all Rd \link{} targets not in the package itself and the base packages. Flavors: r-devel-linux-x86_64-debian-clang, r-devel-linux-x86_64-debian-gcc, r-devel-windows-x86_64

Version: 0.1.0
Check: LazyData
Result: NOTE 'LazyData' is specified without a 'data' directory Flavors: r-patched-linux-x86_64, r-release-linux-x86_64, r-release-macos-arm64, r-release-macos-x86_64, r-release-windows-x86_64, r-oldrel-macos-arm64, r-oldrel-macos-x86_64, r-oldrel-windows-x86_64