Last updated on 2025-11-16 04:48:43 CET.
| Flavor | Version | Tinstall | Tcheck | Ttotal | Status | Flags |
|---|---|---|---|---|---|---|
| r-devel-linux-x86_64-debian-clang | 1.0.1 | 7.01 | 62.59 | 69.60 | NOTE | |
| r-devel-linux-x86_64-debian-gcc | 1.0.1 | 5.45 | 49.27 | 54.72 | NOTE | |
| r-devel-linux-x86_64-fedora-clang | 1.0.1 | 34.00 | 77.61 | 111.61 | OK | |
| r-devel-linux-x86_64-fedora-gcc | 1.0.1 | 19.00 | 85.13 | 104.13 | OK | |
| r-devel-windows-x86_64 | 1.0.1 | 12.00 | 71.00 | 83.00 | OK | |
| r-patched-linux-x86_64 | 1.0.1 | 7.47 | 59.91 | 67.38 | OK | |
| r-release-linux-x86_64 | 1.0.1 | 7.57 | 60.49 | 68.06 | OK | |
| r-release-macos-arm64 | 1.0.1 | 5.00 | 39.00 | 44.00 | OK | |
| r-release-macos-x86_64 | 1.0.1 | 9.00 | 70.00 | 79.00 | OK | |
| r-release-windows-x86_64 | 1.0.1 | 10.00 | 72.00 | 82.00 | OK | |
| r-oldrel-macos-arm64 | 1.0.1 | 5.00 | 40.00 | 45.00 | OK | |
| r-oldrel-macos-x86_64 | 1.0.1 | 7.00 | 48.00 | 55.00 | OK | |
| r-oldrel-windows-x86_64 | 1.0.1 | 12.00 | 86.00 | 98.00 | OK |
Version: 1.0.1
Check: CRAN incoming feasibility
Result: NOTE
Maintainer: ‘Qi Yan <qy2253@cumc.columbia.edu>’
No Authors@R field in DESCRIPTION.
Please add one, modifying
Authors@R: person(given = "Qi",
family = "Yan",
role = c("aut", "cre"),
email = "qy2253@cumc.columbia.edu")
as necessary.
Flavors: r-devel-linux-x86_64-debian-clang, r-devel-linux-x86_64-debian-gcc