Last updated on 2024-08-25 05:49:27 CEST.
Flavor | Version | Tinstall | Tcheck | Ttotal | Status | Flags |
---|---|---|---|---|---|---|
r-devel-linux-x86_64-debian-clang | 2.0.1 | 32.70 | 113.03 | 145.73 | OK | |
r-devel-linux-x86_64-debian-gcc | 2.0.1 | 21.99 | 78.58 | 100.57 | OK | |
r-devel-linux-x86_64-fedora-clang | 2.0.1 | 236.08 | OK | |||
r-devel-linux-x86_64-fedora-gcc | 2.0.1 | 251.54 | OK | |||
r-devel-windows-x86_64 | 2.0.1 | 32.00 | 139.00 | 171.00 | NOTE | |
r-patched-linux-x86_64 | 2.0.1 | 31.63 | 106.28 | 137.91 | OK | |
r-release-linux-x86_64 | 2.0.1 | 29.34 | 106.09 | 135.43 | OK | |
r-release-macos-arm64 | 2.0.1 | 69.00 | NOTE | |||
r-release-macos-x86_64 | 2.0.1 | 186.00 | NOTE | |||
r-release-windows-x86_64 | 2.0.1 | 33.00 | 150.00 | 183.00 | NOTE | |
r-oldrel-macos-arm64 | 2.0.1 | 70.00 | NOTE | |||
r-oldrel-macos-x86_64 | 2.0.1 | 121.00 | NOTE | |||
r-oldrel-windows-x86_64 | 2.0.1 | 42.00 | 176.00 | 218.00 | NOTE |
Version: 2.0.1
Check: installed package size
Result: NOTE
installed size is 5.3Mb
sub-directories of 1Mb or more:
extdata 3.2Mb
libs 1.0Mb
Flavors: r-devel-windows-x86_64, r-release-macos-arm64, r-release-macos-x86_64, r-release-windows-x86_64, r-oldrel-macos-arm64, r-oldrel-macos-x86_64, r-oldrel-windows-x86_64