Last updated on 2025-11-16 04:48:42 CET.
| Flavor | Version | Tinstall | Tcheck | Ttotal | Status | Flags |
|---|---|---|---|---|---|---|
| r-devel-linux-x86_64-debian-clang | 4.1-2 | 3.75 | 21.58 | 25.33 | NOTE | |
| r-devel-linux-x86_64-debian-gcc | 4.1-2 | 3.06 | 18.06 | 21.12 | NOTE | |
| r-devel-linux-x86_64-fedora-clang | 4.1-2 | 37.71 | OK | |||
| r-devel-linux-x86_64-fedora-gcc | 4.1-2 | 36.98 | OK | |||
| r-devel-windows-x86_64 | 4.1-2 | 10.00 | 45.00 | 55.00 | OK | |
| r-patched-linux-x86_64 | 4.1-2 | 4.07 | 20.47 | 24.54 | OK | |
| r-release-linux-x86_64 | 4.1-2 | 3.75 | 20.45 | 24.20 | OK | |
| r-release-macos-arm64 | 4.1-2 | 3.00 | 13.00 | 16.00 | OK | |
| r-release-macos-x86_64 | 4.1-2 | 5.00 | 21.00 | 26.00 | OK | |
| r-release-windows-x86_64 | 4.1-2 | 8.00 | 45.00 | 53.00 | OK | |
| r-oldrel-macos-arm64 | 4.1-2 | 3.00 | 14.00 | 17.00 | OK | |
| r-oldrel-macos-x86_64 | 4.1-2 | 5.00 | 19.00 | 24.00 | OK | |
| r-oldrel-windows-x86_64 | 4.1-2 | 8.00 | 51.00 | 59.00 | OK |
Version: 4.1-2
Check: CRAN incoming feasibility
Result: NOTE
Maintainer: ‘Shan Ba <shanbatr@gmail.com>’
No Authors@R field in DESCRIPTION.
Please add one, modifying
Authors@R: c(person(given = "Shan",
family = "Ba",
role = c("aut", "cre"),
email = "shanbatr@gmail.com"),
person(given = c("V.", "Roshan"),
family = "Joseph",
role = "aut"))
as necessary.
Flavors: r-devel-linux-x86_64-debian-clang, r-devel-linux-x86_64-debian-gcc