CRAN Package Check Results for Package Mestim

Last updated on 2025-11-16 04:48:42 CET.

Flavor Version Tinstall Tcheck Ttotal Status Flags
r-devel-linux-x86_64-debian-clang 0.2.1 1.59 65.27 66.86 NOTE
r-devel-linux-x86_64-debian-gcc 0.2.1 1.14 49.32 50.46 NOTE
r-devel-linux-x86_64-fedora-clang 0.2.1 103.67 OK
r-devel-linux-x86_64-fedora-gcc 0.2.1 121.07 OK
r-devel-windows-x86_64 0.2.1 5.00 103.00 108.00 OK
r-patched-linux-x86_64 0.2.1 1.71 62.63 64.34 OK
r-release-linux-x86_64 0.2.1 1.45 64.02 65.47 OK
r-release-macos-arm64 0.2.1 1.00 87.00 88.00 OK
r-release-macos-x86_64 0.2.1 2.00 104.00 106.00 OK
r-release-windows-x86_64 0.2.1 4.00 104.00 108.00 OK
r-oldrel-macos-arm64 0.2.1 1.00 41.00 42.00 OK
r-oldrel-macos-x86_64 0.2.1 1.00 76.00 77.00 OK
r-oldrel-windows-x86_64 0.2.1 2.00 122.00 124.00 OK

Check Details

Version: 0.2.1
Check: CRAN incoming feasibility
Result: NOTE Maintainer: ‘François Grolleau <francois.grolleau@aphp.fr>’ No Authors@R field in DESCRIPTION. Please add one, modifying Authors@R: person(given = "François", family = "Grolleau", role = c("aut", "cre"), email = "francois.grolleau@aphp.fr") as necessary. Flavors: r-devel-linux-x86_64-debian-clang, r-devel-linux-x86_64-debian-gcc