Last updated on 2024-08-25 05:49:26 CEST.
Flavor | Version | Tinstall | Tcheck | Ttotal | Status | Flags |
---|---|---|---|---|---|---|
r-devel-linux-x86_64-debian-clang | 1.0.0 | 415.09 | 175.43 | 590.52 | NOTE | |
r-devel-linux-x86_64-debian-gcc | 1.0.0 | 356.42 | 156.84 | 513.26 | NOTE | |
r-devel-linux-x86_64-fedora-clang | 1.0.0 | 969.09 | NOTE | |||
r-devel-linux-x86_64-fedora-gcc | 1.0.0 | 1258.86 | NOTE | |||
r-devel-windows-x86_64 | 1.0.0 | 371.00 | 231.00 | 602.00 | NOTE | |
r-patched-linux-x86_64 | 1.0.0 | 463.91 | 204.63 | 668.54 | NOTE | |
r-release-linux-x86_64 | 1.0.0 | 444.85 | 204.36 | 649.21 | NOTE | |
r-release-macos-arm64 | 1.0.0 | 242.00 | NOTE | |||
r-release-macos-x86_64 | 1.0.0 | 323.00 | NOTE | |||
r-release-windows-x86_64 | 1.0.0 | 403.00 | 224.00 | 627.00 | NOTE | |
r-oldrel-macos-arm64 | 1.0.0 | 236.00 | NOTE | |||
r-oldrel-macos-x86_64 | 1.0.0 | 368.00 | NOTE | |||
r-oldrel-windows-x86_64 | 1.0.0 | 498.00 | 274.00 | 772.00 | NOTE |
Version: 1.0.0
Check: for GNU extensions in Makefiles
Result: NOTE
GNU make is a SystemRequirements.
Flavors: r-devel-linux-x86_64-debian-clang, r-devel-linux-x86_64-debian-gcc, r-devel-linux-x86_64-fedora-clang, r-devel-linux-x86_64-fedora-gcc, r-devel-windows-x86_64, r-patched-linux-x86_64, r-release-linux-x86_64, r-release-macos-arm64, r-release-macos-x86_64, r-release-windows-x86_64, r-oldrel-macos-arm64, r-oldrel-macos-x86_64, r-oldrel-windows-x86_64
Version: 1.0.0
Check: installed package size
Result: NOTE
installed size is 5.6Mb
sub-directories of 1Mb or more:
libs 5.1Mb
Flavors: r-devel-linux-x86_64-fedora-clang, r-release-macos-arm64, r-release-macos-x86_64, r-oldrel-macos-arm64, r-oldrel-macos-x86_64