CRAN Package Check Results for Package MixLFA

Last updated on 2025-04-15 05:49:12 CEST.

Flavor Version Tinstall Tcheck Ttotal Status Flags
r-devel-linux-x86_64-debian-clang 1.0.0 75.47 121.16 196.63 OK
r-devel-linux-x86_64-debian-gcc 1.0.0 66.64 82.05 148.69 OK
r-devel-linux-x86_64-fedora-clang 1.0.0 313.66 OK
r-devel-linux-x86_64-fedora-gcc 1.0.0 346.83 OK
r-devel-windows-x86_64 1.0.0 70.00 150.00 220.00 OK
r-patched-linux-x86_64 1.0.0 73.17 119.27 192.44 OK
r-release-linux-x86_64 1.0.0 76.81 120.70 197.51 OK
r-release-macos-arm64 1.0.0 82.00 OK
r-release-macos-x86_64 1.0.0 174.00 OK
r-release-windows-x86_64 1.0.0 70.00 144.00 214.00 OK
r-oldrel-macos-arm64 1.0.0 82.00 NOTE
r-oldrel-macos-x86_64 1.0.0 153.00 NOTE
r-oldrel-windows-x86_64 1.0.0 89.00 197.00 286.00 OK

Check Details

Version: 1.0.0
Check: installed package size
Result: NOTE installed size is 41.3Mb sub-directories of 1Mb or more: libs 41.0Mb Flavors: r-oldrel-macos-arm64, r-oldrel-macos-x86_64